CRAN Package Check Results for Package palr

Last updated on 2015-09-06 23:47:34.

Flavor Version Tinstall Tcheck Ttotal Status Flags
r-devel-linux-x86_64-debian-clang 0.0-4 0.55 11.51 12.06 NOTE
r-devel-linux-x86_64-debian-gcc 0.0-4 0.60 11.72 12.31 NOTE
r-devel-linux-x86_64-fedora-clang 0.0-4 23.31 NOTE
r-devel-linux-x86_64-fedora-gcc 0.0-4 22.58 NOTE
r-devel-osx-x86_64-clang 0.0-4 23.35 OK
r-devel-windows-ix86+x86_64 0.0-4 3.00 40.00 43.00 NOTE
r-patched-linux-x86_64 0.0-4 0.58 12.21 12.79 OK
r-patched-solaris-sparc 0.0-4 137.30 OK
r-patched-solaris-x86 0.0-4 37.40 OK
r-release-linux-x86_64 0.0-4 0.63 11.98 12.61 OK
r-release-osx-x86_64-mavericks 0.0-4 OK
r-release-windows-ix86+x86_64 0.0-4 4.00 37.00 41.00 OK
r-oldrel-windows-ix86+x86_64 0.0-4 5.00 37.00 42.00 OK

Check Details

Version: 0.0-4
Check: R code for possible problems
Result: NOTE
    chlPal: no visible global function definition for ‘colorRampPalette’
    col2hex: no visible global function definition for ‘col2rgb’
    col2hex : <anonymous>: no visible binding for global variable ‘rgb’
    icePal: no visible global function definition for ‘head’
    icePal: no visible global function definition for ‘colorRampPalette’
    sstPal: no visible global function definition for ‘colorRampPalette’
    Undefined global functions or variables:
     col2rgb colorRampPalette head rgb
    Consider adding
     importFrom("grDevices", "col2rgb", "colorRampPalette", "rgb")
     importFrom("utils", "head")
    to your NAMESPACE.
Flavors: r-devel-linux-x86_64-debian-clang, r-devel-linux-x86_64-debian-gcc, r-devel-linux-x86_64-fedora-clang, r-devel-linux-x86_64-fedora-gcc, r-devel-windows-ix86+x86_64