Last updated on 2015-09-06 23:47:34.
Flavor | Version | Tinstall | Tcheck | Ttotal | Status | Flags |
---|---|---|---|---|---|---|
r-devel-linux-x86_64-debian-clang | 0.5-2 | 0.85 | 17.63 | 18.48 | NOTE | |
r-devel-linux-x86_64-debian-gcc | 0.5-2 | 0.81 | 17.68 | 18.49 | NOTE | |
r-devel-linux-x86_64-fedora-clang | 0.5-2 | 33.78 | NOTE | |||
r-devel-linux-x86_64-fedora-gcc | 0.5-2 | 31.66 | NOTE | |||
r-devel-osx-x86_64-clang | 0.5-2 | 33.11 | OK | |||
r-devel-windows-ix86+x86_64 | 0.5-2 | 4.00 | 53.00 | 57.00 | NOTE | |
r-patched-linux-x86_64 | 0.5-2 | 0.92 | 18.31 | 19.23 | OK | |
r-patched-solaris-sparc | 0.5-2 | 230.40 | OK | |||
r-patched-solaris-x86 | 0.5-2 | 57.50 | OK | |||
r-release-linux-x86_64 | 0.5-2 | 1.24 | 18.10 | 19.34 | OK | |
r-release-osx-x86_64-mavericks | 0.5-2 | OK | ||||
r-release-windows-ix86+x86_64 | 0.5-2 | 7.00 | 52.00 | 59.00 | OK | |
r-oldrel-windows-ix86+x86_64 | 0.5-2 | 8.00 | 59.00 | 67.00 | OK |
Version: 0.5-2
Check: R code for possible problems
Result: NOTE
aggplot: no visible binding for global variable ‘sd’
aggplot: no visible global function definition for ‘rgb’
aggplot: no visible global function definition for ‘col2rgb’
aggplot: no visible binding for global variable ‘plot’
aggplot: no visible binding for global variable ‘polygon’
aggplot: no visible binding for global variable ‘lines’
as.rspec : <anonymous>: no visible global function definition for ‘cor’
as.rspec: no visible global function definition for ‘approx’
as.rspec : <anonymous>: no visible global function definition for
‘approx’
coldist: no visible global function definition for ‘combn’
explorespec: no visible global function definition for ‘par’
explorespec: no visible binding for global variable ‘plot’
explorespec: no visible global function definition for ‘legend’
explorespec: no visible binding for global variable ‘lines’
explorespec: no visible global function definition for ‘mtext’
getspec: no visible global function definition for ‘txtProgressBar’
getspec: no visible global function definition for ‘read.table’
getspec: no visible global function definition for ‘approx’
getspec: no visible global function definition for ‘setTxtProgressBar’
huedisp: no visible global function definition for ‘combn’
peakshape: no visible global function definition for ‘par’
peakshape: no visible global function definition for ‘abline’
plot.rspec: no visible global function definition for
‘colorRampPalette’
plot.rspec: no visible global function definition for ‘approx’
plot.rspec : <anonymous>: no visible global function definition for
‘approx’
plot.rspec: no visible binding for global variable ‘image’
plot.rspec: no visible binding for global variable ‘plot’
plot.rspec: no visible binding for global variable ‘lines’
plot.rspec: no visible global function definition for ‘tail’
plot.rspec: no visible global function definition for ‘axis’
plotsmooth: no visible global function definition for ‘loess.smooth’
plotsmooth: no visible global function definition for ‘par’
plotsmooth: no visible global function definition for ‘plot’
plotsmooth: no visible global function definition for ‘legend’
plotsmooth: no visible global function definition for ‘title’
plotsmooth: no visible global function definition for ‘mtext’
plotsmooth: no visible global function definition for ‘lines’
procspec : <anonymous>: no visible global function definition for
‘loess.smooth’
procspec: no visible global function definition for ‘head’
procspec: no visible global function definition for ‘tail’
procspec : <anonymous>: no visible binding for global variable ‘median’
projplot: no visible global function definition for ‘col2rgb’
projplot: no visible global function definition for ‘par’
projplot: no visible global function definition for ‘plot’
projplot: no visible global function definition for ‘points’
projplot: no visible global function definition for ‘rgb’
projpoints: no visible global function definition for ‘points’
segclass: no visible global function definition for ‘quantile’
spec2rgb: no visible global function definition for ‘rgb’
summary.rspec: no visible global function definition for ‘quantile’
tcsplot: no visible global function definition for ‘col2rgb’
tcsplot: no visible global function definition for ‘rgb’
tcssum: no visible global function definition for ‘dist’
tcssum: no visible global function definition for ‘var’
tcsvol : <anonymous>: no visible global function definition for ‘combn’
voloverlap : <anonymous>: no visible global function definition for
‘runif’
Undefined global functions or variables:
abline approx axis col2rgb colorRampPalette combn cor dist head image
legend lines loess.smooth median mtext par plot points polygon
quantile read.table rgb runif sd setTxtProgressBar tail title
txtProgressBar var
Consider adding
importFrom("grDevices", "col2rgb", "colorRampPalette", "rgb")
importFrom("graphics", "abline", "axis", "image", "legend", "lines",
"mtext", "par", "plot", "points", "polygon", "title")
importFrom("stats", "approx", "cor", "dist", "loess.smooth", "median",
"quantile", "runif", "sd", "var")
importFrom("utils", "combn", "head", "read.table", "setTxtProgressBar",
"tail", "txtProgressBar")
to your NAMESPACE.
Flavors: r-devel-linux-x86_64-debian-clang, r-devel-linux-x86_64-debian-gcc, r-devel-linux-x86_64-fedora-clang, r-devel-linux-x86_64-fedora-gcc, r-devel-windows-ix86+x86_64