CRAN Package Check Results for Package pbdDEMO

Last updated on 2015-09-06 23:47:34.

Flavor Version Tinstall Tcheck Ttotal Status Flags
r-devel-linux-x86_64-debian-clang 0.2-0 3.37 39.01 42.38 NOTE
r-devel-linux-x86_64-debian-gcc 0.2-0 3.16 40.39 43.55 NOTE
r-devel-linux-x86_64-fedora-clang 0.2-0 74.46 NOTE
r-devel-linux-x86_64-fedora-gcc 0.2-0 73.05 NOTE
r-devel-osx-x86_64-clang 0.2-0 64.09 NOTE
r-devel-windows-ix86+x86_64 0.2-0 1.00 5.00 6.00 ERROR
r-patched-linux-x86_64 0.2-0 3.91 41.06 44.97 NOTE
r-patched-solaris-sparc 0.2-0 447.70 NOTE
r-patched-solaris-x86 0.2-0 100.90 NOTE
r-release-linux-x86_64 0.2-0 3.37 39.58 42.95 NOTE
r-release-osx-x86_64-mavericks 0.2-0 ERROR
r-release-windows-ix86+x86_64 0.2-0 2.00 1.00 3.00 ERROR
r-oldrel-windows-ix86+x86_64 0.2-0 1.00 1.00 2.00 ERROR

Check Details

Version: 0.2-0
Check: R code for possible problems
Result: NOTE
    balance.info: no visible binding for global variable ‘.SPMD.CT’
    balance.info: no visible binding for global variable ‘.DEMO.CT’
    demo.dmat2gbdc: no visible binding for global variable ‘.SPMD.CT’
    demo.dmat2gbdr: no visible binding for global variable ‘.SPMD.CT’
    demo.gbdc2dmat: no visible binding for global variable ‘.SPMD.CT’
    demo.gbdc2dmat: no visible binding for global variable ‘.DEMO.CT’
    demo.gbdr2dmat: no visible binding for global variable ‘.SPMD.CT’
    demo.gbdr2dmat: no visible binding for global variable ‘.DEMO.CT’
    demo.ncvar_get_2D: no visible binding for global variable ‘.SPMD.CT’
    demo.ncvar_put_2D: no visible binding for global variable ‘.SPMD.CT’
    dmat2gbd: no visible binding for global variable ‘.SPMD.CT’
    dmat2gbd: no visible binding for global variable ‘.DEMO.CT’
    gbd2dmat: no visible binding for global variable ‘.SPMD.CT’
    gbd2dmat: no visible binding for global variable ‘.DEMO.CT’
    load.balance: no visible binding for global variable ‘.SPMD.CT’
    load.balance: no visible binding for global variable ‘.DEMO.CT’
    mpi.quantile: no visible global function definition for ‘uniroot’
    ncvar_get_dmat: no visible binding for global variable ‘.DEMO.CT’
    ncvar_get_dmat: no visible binding for global variable ‘.SPMD.CT’
    ncvar_get_gbd: no visible binding for global variable ‘.SPMD.CT’
    ncvar_get_gbd: no visible binding for global variable ‘.DEMO.CT’
    ncvar_put_dmat: no visible binding for global variable ‘.SPMD.CT’
    ncvar_put_gbd: no visible binding for global variable ‘.SPMD.CT’
    ncvar_put_gbd: no visible binding for global variable ‘.DEMO.CT’
    plot_dmat: no visible global function definition for ‘image’
    read.csv.ddmatrix: no visible global function definition for ‘read.csv’
    read.sql.ddmatrix: no visible binding for global variable ‘.BLDIM’
    unload.balance: no visible binding for global variable ‘.SPMD.CT’
    verify.chol: no visible binding for global variable ‘.DEMO.CT’
    verify.inverse: no visible binding for global variable ‘.DEMO.CT’
    verify.solve: no visible binding for global variable ‘.DEMO.CT’
    verify.svd: no visible binding for global variable ‘.DEMO.CT’
    Undefined global functions or variables:
     .BLDIM .DEMO.CT .SPMD.CT image read.csv uniroot
    Consider adding
     importFrom("graphics", "image")
     importFrom("stats", "uniroot")
     importFrom("utils", "read.csv")
    to your NAMESPACE.
Flavors: r-devel-linux-x86_64-debian-clang, r-devel-linux-x86_64-debian-gcc, r-devel-linux-x86_64-fedora-clang, r-devel-linux-x86_64-fedora-gcc

Version: 0.2-0
Check: R code for possible problems
Result: NOTE
    balance.info: no visible binding for global variable ‘.SPMD.CT’
    balance.info: no visible binding for global variable ‘.DEMO.CT’
    demo.dmat2gbdc: no visible binding for global variable ‘.SPMD.CT’
    demo.dmat2gbdr: no visible binding for global variable ‘.SPMD.CT’
    demo.gbdc2dmat: no visible binding for global variable ‘.SPMD.CT’
    demo.gbdc2dmat: no visible binding for global variable ‘.DEMO.CT’
    demo.gbdr2dmat: no visible binding for global variable ‘.SPMD.CT’
    demo.gbdr2dmat: no visible binding for global variable ‘.DEMO.CT’
    demo.ncvar_get_2D: no visible binding for global variable ‘.SPMD.CT’
    demo.ncvar_put_2D: no visible binding for global variable ‘.SPMD.CT’
    dmat2gbd: no visible binding for global variable ‘.SPMD.CT’
    dmat2gbd: no visible binding for global variable ‘.DEMO.CT’
    gbd2dmat: no visible binding for global variable ‘.SPMD.CT’
    gbd2dmat: no visible binding for global variable ‘.DEMO.CT’
    load.balance: no visible binding for global variable ‘.SPMD.CT’
    load.balance: no visible binding for global variable ‘.DEMO.CT’
    ncvar_get_dmat: no visible binding for global variable ‘.DEMO.CT’
    ncvar_get_dmat: no visible binding for global variable ‘.SPMD.CT’
    ncvar_get_gbd: no visible binding for global variable ‘.SPMD.CT’
    ncvar_get_gbd: no visible binding for global variable ‘.DEMO.CT’
    ncvar_put_dmat: no visible binding for global variable ‘.SPMD.CT’
    ncvar_put_gbd: no visible binding for global variable ‘.SPMD.CT’
    ncvar_put_gbd: no visible binding for global variable ‘.DEMO.CT’
    read.sql.ddmatrix: no visible binding for global variable ‘.BLDIM’
    unload.balance: no visible binding for global variable ‘.SPMD.CT’
    verify.chol: no visible binding for global variable ‘.DEMO.CT’
    verify.inverse: no visible binding for global variable ‘.DEMO.CT’
    verify.solve: no visible binding for global variable ‘.DEMO.CT’
    verify.svd: no visible binding for global variable ‘.DEMO.CT’
    Undefined global functions or variables:
     .BLDIM .DEMO.CT .SPMD.CT
Flavor: r-devel-osx-x86_64-clang

Version: 0.2-0
Check: package dependencies
Result: ERROR
    Packages required but not available: 'pbdBASE' 'pbdDMAT'
    
    Package which this enhances but not available for checking: 'pmclust'
    
    See section 'The DESCRIPTION file' in the 'Writing R Extensions'
    manual.
Flavors: r-devel-windows-ix86+x86_64, r-release-windows-ix86+x86_64, r-oldrel-windows-ix86+x86_64

Version: 0.2-0
Check: R code for possible problems
Result: NOTE
    balance.info: no visible binding for global variable ‘.SPMD.CT’
    balance.info: no visible binding for global variable ‘.DEMO.CT’
    demo.dmat2gbdc: no visible binding for global variable ‘.SPMD.CT’
    demo.dmat2gbdr: no visible binding for global variable ‘.SPMD.CT’
    demo.gbdc2dmat: no visible binding for global variable ‘.SPMD.CT’
    demo.gbdc2dmat: no visible binding for global variable ‘.DEMO.CT’
    demo.gbdr2dmat: no visible binding for global variable ‘.SPMD.CT’
    demo.gbdr2dmat: no visible binding for global variable ‘.DEMO.CT’
    demo.ncvar_get_2D: no visible binding for global variable ‘.SPMD.CT’
    demo.ncvar_put_2D: no visible binding for global variable ‘.SPMD.CT’
    dmat2gbd: no visible binding for global variable ‘.SPMD.CT’
    dmat2gbd: no visible binding for global variable ‘.DEMO.CT’
    gbd2dmat: no visible binding for global variable ‘.SPMD.CT’
    gbd2dmat: no visible binding for global variable ‘.DEMO.CT’
    load.balance: no visible binding for global variable ‘.SPMD.CT’
    load.balance: no visible binding for global variable ‘.DEMO.CT’
    ncvar_get_dmat: no visible binding for global variable ‘.DEMO.CT’
    ncvar_get_dmat: no visible binding for global variable ‘.SPMD.CT’
    ncvar_get_gbd: no visible binding for global variable ‘.SPMD.CT’
    ncvar_get_gbd: no visible binding for global variable ‘.DEMO.CT’
    ncvar_put_dmat: no visible binding for global variable ‘.SPMD.CT’
    ncvar_put_gbd: no visible binding for global variable ‘.SPMD.CT’
    ncvar_put_gbd: no visible binding for global variable ‘.DEMO.CT’
    read.sql.ddmatrix: no visible binding for global variable ‘.BLDIM’
    unload.balance: no visible binding for global variable ‘.SPMD.CT’
    verify.chol: no visible binding for global variable ‘.DEMO.CT’
    verify.inverse: no visible binding for global variable ‘.DEMO.CT’
    verify.solve: no visible binding for global variable ‘.DEMO.CT’
    verify.svd: no visible binding for global variable ‘.DEMO.CT’
Flavors: r-patched-linux-x86_64, r-patched-solaris-sparc, r-patched-solaris-x86, r-release-linux-x86_64

Version: 0.2-0
Check: package dependencies
Result: ERROR
    Packages required but not available: ‘pbdMPI’ ‘pbdSLAP’ ‘pbdBASE’ ‘pbdDMAT’
    
    Package which this enhances but not available for checking: ‘pmclust’
    
    See section ‘The DESCRIPTION file’ in the ‘Writing R Extensions’
    manual.
Flavor: r-release-osx-x86_64-mavericks