CRAN Package Check Results for Package pbdNCDF4

Last updated on 2015-09-06 23:47:34.

Flavor Version Tinstall Tcheck Ttotal Status Flags
r-devel-linux-x86_64-debian-clang 0.1-4 2.22 18.53 20.75 OK
r-devel-linux-x86_64-debian-gcc 0.1-4 2.34 18.30 20.64 OK
r-devel-linux-x86_64-fedora-clang 0.1-4 38.34 OK
r-devel-linux-x86_64-fedora-gcc 0.1-4 36.31 OK
r-devel-osx-x86_64-clang 0.1-4 41.95 OK
r-devel-windows-ix86+x86_64 0.1-4 11.00 64.00 75.00 NOTE
r-patched-linux-x86_64 0.1-4 2.48 19.06 21.54 OK
r-patched-solaris-sparc 0.1-4 251.60 OK
r-patched-solaris-x86 0.1-4 55.70 OK
r-release-linux-x86_64 0.1-4 2.47 19.86 22.34 OK
r-release-osx-x86_64-mavericks 0.1-4 NOTE
r-release-windows-ix86+x86_64 0.1-4 12.00 37.00 49.00 NOTE
r-oldrel-windows-ix86+x86_64 0.1-4 19.00 38.00 57.00 NOTE

Check Details

Version: 0.1-4
Check: R code for possible problems
Result: NOTE
    Not exits: C:/Program Files/netCDF 4.3.2
    Not exits: C:/Program Files/netCDF 4.3.2/bin
    Not exits: C:/Program Files/netCDF 4.3.2/deps/x64/bin
    Not exits: C:/Program Files/netCDF 4.3.2/deps/x64/bin/msvcp100.dll
    Not exits: C:/Program Files/netCDF 4.3.2/deps/x64/bin/msvcr100.dll
    Not exits: C:/Program Files/netCDF 4.3.2/deps/x64/bin/zlib.dll
    Not exits: C:/Program Files/netCDF 4.3.2/deps/x64/bin/hdf5.dll
    Not exits: C:/Program Files/netCDF 4.3.2/deps/x64/bin/hdf5_hl.dll
    Not exits: C:/Program Files/netCDF 4.3.2/bin/netcdf.dll
    ===== WARNING =====
    - netCDF 4.3.2 may not install at compile time.
    - Environment variables may not be correct at compile and run time.
    - pbdNCDF4 binary may not link with netCDF.
    - Please consider to rebuild from source.
    ===================
    get.sysenv: no visible global function definition for 'shortPathName'
    Undefined global functions or variables:
     shortPathName
    Consider adding
     importFrom("utils", "shortPathName")
    to your NAMESPACE.
Flavor: r-devel-windows-ix86+x86_64

Version: 0.1-4
Check: package dependencies
Result: NOTE
    Package which this enhances but not available for checking: ‘pbdMPI’
Flavor: r-release-osx-x86_64-mavericks

Version: 0.1-4
Check: R code for possible problems
Result: NOTE
    Not exits: C:/Program Files/netCDF 4.3.2
    Not exits: C:/Program Files/netCDF 4.3.2/bin
    Not exits: C:/Program Files/netCDF 4.3.2/deps/x64/bin
    Not exits: C:/Program Files/netCDF 4.3.2/deps/x64/bin/msvcp100.dll
    Not exits: C:/Program Files/netCDF 4.3.2/deps/x64/bin/msvcr100.dll
    Not exits: C:/Program Files/netCDF 4.3.2/deps/x64/bin/zlib.dll
    Not exits: C:/Program Files/netCDF 4.3.2/deps/x64/bin/hdf5.dll
    Not exits: C:/Program Files/netCDF 4.3.2/deps/x64/bin/hdf5_hl.dll
    Not exits: C:/Program Files/netCDF 4.3.2/bin/netcdf.dll
    ===== WARNING =====
    - netCDF 4.3.2 may not install at compile time.
    - Environment variables may not be correct at compile and run time.
    - pbdNCDF4 binary may not link with netCDF.
    - Please consider to rebuild from source.
    ===================
Flavors: r-release-windows-ix86+x86_64, r-oldrel-windows-ix86+x86_64