Last updated on 2015-09-06 23:47:35.
Flavor | Version | Tinstall | Tcheck | Ttotal | Status | Flags |
---|---|---|---|---|---|---|
r-devel-linux-x86_64-debian-clang | 1.7 | 5.14 | 45.23 | 50.36 | NOTE | |
r-devel-linux-x86_64-debian-gcc | 1.7 | 4.99 | 43.98 | 48.97 | NOTE | |
r-devel-linux-x86_64-fedora-clang | 1.7 | 104.14 | NOTE | |||
r-devel-linux-x86_64-fedora-gcc | 1.7 | 99.19 | NOTE | |||
r-devel-osx-x86_64-clang | 1.7 | 87.11 | OK | |||
r-devel-windows-ix86+x86_64 | 1.7 | 12.00 | 115.00 | 127.00 | NOTE | |
r-patched-linux-x86_64 | 1.7 | 4.68 | 46.07 | 50.76 | OK | |
r-patched-solaris-sparc | 1.7 | 661.10 | OK | |||
r-patched-solaris-x86 | 1.7 | 165.90 | OK | |||
r-release-linux-x86_64 | 1.7 | 4.62 | 46.97 | 51.58 | OK | |
r-release-osx-x86_64-mavericks | 1.7 | OK | ||||
r-release-windows-ix86+x86_64 | 1.7 | 16.00 | 76.00 | 92.00 | OK | |
r-oldrel-windows-ix86+x86_64 | 1.7 | 28.00 | 104.00 | 132.00 | OK |
Version: 1.7
Check: R code for possible problems
Result: NOTE
animateFX: no visible global function definition for ‘complete.cases’
animateFX : <anonymous>: no visible global function definition for
‘reorder’
export: no visible global function definition for ‘write.csv’
interactiveFX: no visible global function definition for
‘complete.cases’
interactiveFX: no visible global function definition for ‘rgb’
interactiveFX: no visible global function definition for
‘terrain.colors’
makeUrls: no visible global function definition for ‘data’
scrape: no visible global function definition for ‘packageVersion’
scrape: no visible global function definition for ‘data’
scrape: no visible global function definition for ‘setNames’
strikeFX: no visible global function definition for ‘complete.cases’
strikeFX: no visible global function definition for ‘predict’
update_db: no visible global function definition for ‘data’
Undefined global functions or variables:
complete.cases data packageVersion predict reorder rgb setNames
terrain.colors write.csv
Consider adding
importFrom("grDevices", "rgb", "terrain.colors")
importFrom("stats", "complete.cases", "predict", "reorder", "setNames")
importFrom("utils", "data", "packageVersion", "write.csv")
to your NAMESPACE.
Flavors: r-devel-linux-x86_64-debian-clang, r-devel-linux-x86_64-debian-gcc, r-devel-linux-x86_64-fedora-clang, r-devel-linux-x86_64-fedora-gcc, r-devel-windows-ix86+x86_64