Last updated on 2015-09-06 23:47:35.
Flavor | Version | Tinstall | Tcheck | Ttotal | Status | Flags |
---|---|---|---|---|---|---|
r-devel-linux-x86_64-debian-clang | 0.1.1 | 1.69 | 26.50 | 28.19 | OK | |
r-devel-linux-x86_64-debian-gcc | 0.1.1 | 1.70 | 25.68 | 27.38 | OK | |
r-devel-linux-x86_64-fedora-clang | 0.1.1 | 55.84 | OK | |||
r-devel-linux-x86_64-fedora-gcc | 0.1.1 | 54.90 | OK | |||
r-devel-osx-x86_64-clang | 0.1.1 | 51.76 | OK | |||
r-devel-windows-ix86+x86_64 | 0.1.1 | 7.00 | 90.00 | 97.00 | OK | |
r-patched-linux-x86_64 | 0.1.1 | 1.96 | 28.19 | 30.14 | OK | |
r-patched-solaris-sparc | 0.1.1 | 328.10 | OK | |||
r-patched-solaris-x86 | 0.1.1 | 88.90 | OK | |||
r-release-linux-x86_64 | 0.1.1 | 1.96 | 28.42 | 30.38 | OK | |
r-release-osx-x86_64-mavericks | 0.1.1 | ERROR | ||||
r-release-windows-ix86+x86_64 | 0.1.1 | 12.00 | 53.00 | 65.00 | OK |
Version: 0.1.1
Check: whether package can be installed
Result: ERROR
Installation failed.
Flavor: r-release-osx-x86_64-mavericks