Last updated on 2015-09-06 23:47:35.
Flavor | Version | Tinstall | Tcheck | Ttotal | Status | Flags |
---|---|---|---|---|---|---|
r-devel-linux-x86_64-debian-clang | 2.5-0 | 1.17 | 25.74 | 26.91 | OK | |
r-devel-linux-x86_64-debian-gcc | 2.5-0 | 1.66 | 24.90 | 26.56 | OK | |
r-devel-linux-x86_64-fedora-clang | 2.5-0 | 51.22 | OK | |||
r-devel-linux-x86_64-fedora-gcc | 2.5-0 | 48.32 | OK | |||
r-devel-osx-x86_64-clang | 2.5-0 | 46.22 | OK | |||
r-devel-windows-ix86+x86_64 | 2.5-0 | 4.00 | 66.00 | 70.00 | OK | |
r-patched-linux-x86_64 | 2.5-0 | 1.18 | 26.10 | 27.28 | OK | |
r-patched-solaris-sparc | 2.5-0 | 324.00 | OK | |||
r-patched-solaris-x86 | 2.5-0 | 69.40 | OK | |||
r-release-linux-x86_64 | 2.5-0 | 1.23 | 26.02 | 27.25 | OK | |
r-release-osx-x86_64-mavericks | 2.5-0 | NOTE | ||||
r-release-windows-ix86+x86_64 | 2.5-0 | 6.00 | 65.00 | 71.00 | OK | |
r-oldrel-windows-ix86+x86_64 | 2.5-0 | 7.00 | 46.00 | 53.00 | OK |
Version: 2.5-0
Check: package dependencies
Result: NOTE
Package suggested but not available for checking: ‘Rmpi’
Flavor: r-release-osx-x86_64-mavericks