Last updated on 2015-09-06 23:47:35.
Flavor | Version | Tinstall | Tcheck | Ttotal | Status | Flags |
---|---|---|---|---|---|---|
r-devel-linux-x86_64-debian-clang | 1.0.2 | 1.07 | 20.26 | 21.33 | NOTE | |
r-devel-linux-x86_64-debian-gcc | 1.0.2 | 1.10 | 19.54 | 20.63 | NOTE | |
r-devel-linux-x86_64-fedora-clang | 1.0.2 | 42.80 | NOTE | |||
r-devel-linux-x86_64-fedora-gcc | 1.0.2 | 40.57 | NOTE | |||
r-devel-osx-x86_64-clang | 1.0.2 | 39.06 | OK | |||
r-devel-windows-ix86+x86_64 | 1.0.2 | 4.00 | 61.00 | 65.00 | NOTE | |
r-patched-linux-x86_64 | 1.0.2 | 1.20 | 21.36 | 22.56 | OK | |
r-patched-solaris-sparc | 1.0.2 | 279.30 | OK | |||
r-patched-solaris-x86 | 1.0.2 | 65.50 | OK | |||
r-release-linux-x86_64 | 1.0.2 | 1.18 | 20.90 | 22.07 | OK | |
r-release-osx-x86_64-mavericks | 1.0.2 | OK | ||||
r-release-windows-ix86+x86_64 | 1.0.2 | 7.00 | 34.00 | 41.00 | OK | |
r-oldrel-windows-ix86+x86_64 | 1.0.2 | 13.00 | 54.00 | 67.00 | OK |
Version: 1.0.2
Check: R code for possible problems
Result: NOTE
event.plot: no visible global function definition for ‘na.omit’
pointer.norm: no visible binding for global variable ‘sd’
pointer.norm : <anonymous>: no visible global function definition for
‘sd’
pointer.plot: no visible global function definition for ‘na.omit’
pointer.rgc : <anonymous>: no visible global function definition for
‘sd’
res.comp : <anonymous>: no visible global function definition for ‘sd’
res.plot: no visible global function definition for ‘na.omit’
res.plot: no visible global function definition for ‘plot’
Undefined global functions or variables:
na.omit plot sd
Consider adding
importFrom("graphics", "plot")
importFrom("stats", "na.omit", "sd")
to your NAMESPACE.
Flavors: r-devel-linux-x86_64-debian-clang, r-devel-linux-x86_64-debian-gcc, r-devel-linux-x86_64-fedora-clang, r-devel-linux-x86_64-fedora-gcc, r-devel-windows-ix86+x86_64