Last updated on 2015-09-06 23:47:36.
Flavor | Version | Tinstall | Tcheck | Ttotal | Status | Flags |
---|---|---|---|---|---|---|
r-devel-linux-x86_64-debian-clang | 0.3-10 | 0.56 | 14.20 | 14.76 | NOTE | |
r-devel-linux-x86_64-debian-gcc | 0.3-10 | 0.60 | 14.72 | 15.32 | NOTE | |
r-devel-linux-x86_64-fedora-clang | 0.3-10 | 30.23 | NOTE | |||
r-devel-linux-x86_64-fedora-gcc | 0.3-10 | 29.36 | NOTE | |||
r-devel-osx-x86_64-clang | 0.3-10 | 30.95 | NOTE | |||
r-devel-windows-ix86+x86_64 | 0.3-10 | 3.00 | 43.00 | 46.00 | NOTE | |
r-patched-linux-x86_64 | 0.3-10 | 0.60 | 14.92 | 15.52 | NOTE | |
r-patched-solaris-sparc | 0.3-10 | 219.40 | NOTE | |||
r-patched-solaris-x86 | 0.3-10 | 40.90 | NOTE | |||
r-release-linux-x86_64 | 0.3-10 | 0.94 | 14.72 | 15.66 | NOTE | |
r-release-osx-x86_64-mavericks | 0.3-10 | NOTE | ||||
r-release-windows-ix86+x86_64 | 0.3-10 | 4.00 | 24.00 | 28.00 | NOTE | |
r-oldrel-windows-ix86+x86_64 | 0.3-10 | 5.00 | 25.00 | 30.00 | NOTE |
Version: 0.3-10
Check: top-level files
Result: NOTE
Non-standard files/directories found at top level:
‘COPYRIGHTS’ ‘README.debian’
Copyright information should be in file inst/COPYRIGHTS
Flavors: r-devel-linux-x86_64-debian-clang, r-devel-linux-x86_64-debian-gcc, r-devel-linux-x86_64-fedora-clang, r-devel-linux-x86_64-fedora-gcc, r-patched-linux-x86_64, r-release-linux-x86_64
Version: 0.3-10
Check: dependencies in R code
Result: NOTE
'library' or 'require' calls in package code:
‘Rgraphviz’ ‘graph’
Please use :: or requireNamespace() instead.
See section 'Suggested packages' in the 'Writing R Extensions' manual.
Flavors: r-devel-linux-x86_64-debian-clang, r-devel-linux-x86_64-debian-gcc, r-devel-linux-x86_64-fedora-clang, r-devel-linux-x86_64-fedora-gcc, r-devel-osx-x86_64-clang, r-devel-windows-ix86+x86_64, r-patched-linux-x86_64, r-patched-solaris-sparc, r-patched-solaris-x86, r-release-linux-x86_64, r-release-osx-x86_64-mavericks, r-release-windows-ix86+x86_64, r-oldrel-windows-ix86+x86_64
Version: 0.3-10
Check: S3 generic/method consistency
Result: NOTE
Found the following apparent S3 methods exported but not registered:
as.proto.environment as.proto.list as.proto.proto
print.instantiatedProtoMethod str.proto
See section ‘Registering S3 methods’ in the ‘Writing R Extensions’
manual.
Flavors: r-devel-linux-x86_64-debian-clang, r-devel-linux-x86_64-debian-gcc, r-devel-linux-x86_64-fedora-clang, r-devel-linux-x86_64-fedora-gcc, r-devel-osx-x86_64-clang, r-patched-linux-x86_64, r-patched-solaris-sparc, r-patched-solaris-x86, r-release-linux-x86_64
Version: 0.3-10
Check: R code for possible problems
Result: NOTE
graph.proto: no visible global function definition for ‘new’
graph.proto : addNode.: no visible global function definition for
‘nodes’
graph.proto : addNode.: no visible global function definition for
‘addNode’
graph.proto : addEdge.: no visible global function definition for
‘addEdge’
name.proto: no visible global function definition for ‘capture.output’
str.proto: no visible global function definition for ‘capture.output’
str.proto: no visible global function definition for ‘str’
Undefined global functions or variables:
addEdge addNode capture.output new nodes str
Consider adding
importFrom("methods", "new")
importFrom("utils", "capture.output", "str")
to your NAMESPACE (and ensure that your DESCRIPTION Imports field
contains 'methods').
Flavors: r-devel-linux-x86_64-debian-clang, r-devel-linux-x86_64-debian-gcc, r-devel-linux-x86_64-fedora-clang, r-devel-linux-x86_64-fedora-gcc, r-devel-windows-ix86+x86_64
Version: 0.3-10
Check: R code for possible problems
Result: NOTE
graph.proto : addNode.: no visible global function definition for
‘nodes’
graph.proto : addNode.: no visible global function definition for
‘addNode’
graph.proto : addEdge.: no visible global function definition for
‘addEdge’
Undefined global functions or variables:
addEdge addNode nodes
Flavor: r-devel-osx-x86_64-clang
Version: 0.3-10
Check: R code for possible problems
Result: NOTE
graph.proto : addNode.: no visible global function definition for
‘nodes’
graph.proto : addNode.: no visible global function definition for
‘addNode’
graph.proto : addEdge.: no visible global function definition for
‘addEdge’
Flavors: r-patched-linux-x86_64, r-patched-solaris-sparc, r-patched-solaris-x86, r-release-linux-x86_64, r-release-osx-x86_64-mavericks, r-release-windows-ix86+x86_64, r-oldrel-windows-ix86+x86_64
Version: 0.3-10
Check: re-building of vignette outputs
Result: NOTE
Error in re-building vignettes:
...
Error in texi2dvi(file = file, pdf = TRUE, clean = clean, quiet = quiet, :
Running 'texi2dvi' on 'proto.tex' failed.
LaTeX errors:
! Undefined control sequence.
l.15 ...t<ef>e^^X^^_^^_'<84>^^PBt]G<ed>RUU<d7><f5><af><be><fa><ea>ڵk[^<9e>J<a5><ae>\<b9>
b^^X<c6>7<df>|s<f9><f2>eJ)!^^Dulyy<b9><bf><bf><9f>...
The control sequence at the end of the top line
of your error message was never \def'ed. If you have
! Undefined control sequence.
l.15 ...p<dd>ەc<d8>^^V8<e7><99>L<a6><bf><bf>߲,EQУ<ec><f5>Mۻ<f7>G`@,˲<a2>(<b9>\ndd
$<93>Ɍ<8e><8e><a6><d3><e9><c5><c5><c5>˗/^^SB^^V^^V^...
The control sequence at the end of the top line
of your error message was never \def'ed. If you have
! Undefined control sequence.
l.16 ...Y<89>D"^^@<c0>^^X<93>e^^Y<8f>bY<c6><d8><d4><d4><d4>'<9f>|"I^^R<92>^^^<89>Dr<b9>\4
^^Z<d5>4<ed><e2>ŋ<8b><8b><8b><92>$!o<86>a<e0>-<Ҽ<bd><a8>e...
The control sequence at the end of the top line
of
Calls: buildVignettes -> texi2pdf -> texi2dvi
Execution halted
Flavor: r-release-osx-x86_64-mavericks