Last updated on 2015-09-06 23:47:36.
Flavor | Version | Tinstall | Tcheck | Ttotal | Status | Flags |
---|---|---|---|---|---|---|
r-devel-linux-x86_64-debian-clang | 1.3 | 1.32 | 18.85 | 20.18 | NOTE | |
r-devel-linux-x86_64-debian-gcc | 1.3 | 1.11 | 18.58 | 19.69 | NOTE | |
r-devel-linux-x86_64-fedora-clang | 1.3 | 40.08 | NOTE | |||
r-devel-linux-x86_64-fedora-gcc | 1.3 | 38.65 | NOTE | |||
r-devel-osx-x86_64-clang | 1.3 | 35.64 | OK | |||
r-devel-windows-ix86+x86_64 | 1.3 | 5.00 | 58.00 | 63.00 | NOTE | |
r-patched-linux-x86_64 | 1.3 | 1.32 | 20.18 | 21.50 | OK | |
r-patched-solaris-sparc | 1.3 | 241.80 | OK | |||
r-patched-solaris-x86 | 1.3 | 63.60 | OK | |||
r-release-linux-x86_64 | 1.3 | 1.33 | 20.04 | 21.37 | OK | |
r-release-osx-x86_64-mavericks | 1.3 | OK | ||||
r-release-windows-ix86+x86_64 | 1.3 | 8.00 | 34.00 | 42.00 | OK | |
r-oldrel-windows-ix86+x86_64 | 1.3 | 12.00 | 62.00 | 74.00 | OK |
Version: 1.3
Check: R code for possible problems
Result: NOTE
build.panel: no visible global function definition for ‘tail’
build.panel: no visible global function definition for ‘object.size’
get.psid: no visible global function definition for ‘unzip’
testPSID: no visible global function definition for ‘runif’
testPSID: no visible global function definition for ‘rlnorm’
testPSID: no visible global function definition for ‘rnorm’
Undefined global functions or variables:
object.size rlnorm rnorm runif tail unzip
Consider adding
importFrom("stats", "rlnorm", "rnorm", "runif")
importFrom("utils", "object.size", "tail", "unzip")
to your NAMESPACE.
Flavors: r-devel-linux-x86_64-debian-clang, r-devel-linux-x86_64-debian-gcc, r-devel-linux-x86_64-fedora-clang, r-devel-linux-x86_64-fedora-gcc, r-devel-windows-ix86+x86_64