CRAN Package Check Results for Package rHealthDataGov

Last updated on 2015-09-06 23:47:39.

Flavor Version Tinstall Tcheck Ttotal Status Flags
r-devel-linux-x86_64-debian-clang 1.0.1 1.23 12.14 13.37 NOTE
r-devel-linux-x86_64-debian-gcc 1.0.1 1.39 12.05 13.44 NOTE
r-devel-linux-x86_64-fedora-clang 1.0.1 25.54 NOTE
r-devel-linux-x86_64-fedora-gcc 1.0.1 25.32 NOTE
r-devel-osx-x86_64-clang 1.0.1 24.91 NOTE
r-devel-windows-ix86+x86_64 1.0.1 4.00 43.00 47.00 NOTE
r-patched-linux-x86_64 1.0.1 1.42 13.21 14.64 NOTE
r-patched-solaris-sparc 1.0.1 182.10 NOTE
r-patched-solaris-x86 1.0.1 43.70 NOTE
r-release-linux-x86_64 1.0.1 1.34 12.78 14.12 NOTE
r-release-osx-x86_64-mavericks 1.0.1 NOTE
r-release-windows-ix86+x86_64 1.0.1 5.00 45.00 50.00 NOTE
r-oldrel-windows-ix86+x86_64 1.0.1 10.00 54.00 64.00 NOTE

Check Details

Version: 1.0.1
Check: R code for possible problems
Result: NOTE
    .quick_fetch: no visible global function definition for ‘POST’
    .quick_fetch: no visible global function definition for ‘add_headers’
    .quick_fetch: no visible global function definition for
     ‘stop_for_status’
    .quick_fetch: no visible global function definition for ‘content’
    fetch_healthdata: no visible binding for global variable ‘resources’
    fetch_healthdata : <anonymous>: no visible binding for global variable
     ‘filters’
    Undefined global functions or variables:
     POST add_headers content filters resources stop_for_status
Flavors: r-devel-linux-x86_64-debian-clang, r-devel-linux-x86_64-debian-gcc, r-devel-linux-x86_64-fedora-clang, r-devel-linux-x86_64-fedora-gcc, r-devel-osx-x86_64-clang, r-devel-windows-ix86+x86_64

Version: 1.0.1
Check: R code for possible problems
Result: NOTE
    .quick_fetch: no visible global function definition for ‘POST’
    .quick_fetch: no visible global function definition for ‘add_headers’
    .quick_fetch: no visible global function definition for
     ‘stop_for_status’
    .quick_fetch: no visible global function definition for ‘content’
    fetch_healthdata: no visible binding for global variable ‘resources’
    fetch_healthdata : <anonymous>: no visible binding for global variable
     ‘filters’
Flavors: r-patched-linux-x86_64, r-patched-solaris-sparc, r-patched-solaris-x86, r-release-linux-x86_64, r-release-osx-x86_64-mavericks, r-release-windows-ix86+x86_64, r-oldrel-windows-ix86+x86_64