Last updated on 2015-09-06 23:47:37.
Flavor | Version | Tinstall | Tcheck | Ttotal | Status | Flags |
---|---|---|---|---|---|---|
r-devel-linux-x86_64-debian-clang | 0.1 | 0.67 | 14.76 | 15.43 | NOTE | |
r-devel-linux-x86_64-debian-gcc | 0.1 | 0.68 | 14.46 | 15.14 | NOTE | |
r-devel-linux-x86_64-fedora-clang | 0.1 | 29.34 | NOTE | |||
r-devel-linux-x86_64-fedora-gcc | 0.1 | 28.03 | NOTE | |||
r-devel-osx-x86_64-clang | 0.1 | 28.31 | OK | |||
r-devel-windows-ix86+x86_64 | 0.1 | 4.00 | 47.00 | 51.00 | NOTE | |
r-patched-linux-x86_64 | 0.1 | 0.98 | 14.92 | 15.90 | OK | |
r-patched-solaris-sparc | 0.1 | 198.40 | OK | |||
r-patched-solaris-x86 | 0.1 | 43.20 | OK | |||
r-release-linux-x86_64 | 0.1 | 0.75 | 15.07 | 15.82 | OK | |
r-release-osx-x86_64-mavericks | 0.1 | OK | ||||
r-release-windows-ix86+x86_64 | 0.1 | 4.00 | 45.00 | 49.00 | OK | |
r-oldrel-windows-ix86+x86_64 | 0.1 | 7.00 | 48.00 | 55.00 | OK |
Version: 0.1
Check: R code for possible problems
Result: NOTE
INT_FIX: no visible global function definition for ‘rbinom’
INT_FIX: no visible global function definition for ‘glm’
INT_FIX: no visible global function definition for ‘as.formula’
INT_FIX: no visible global function definition for ‘residuals’
INT_FIX: no visible global function definition for ‘var’
INT_RAN: no visible global function definition for ‘rbinom’
INT_RAN: no visible global function definition for ‘as.formula’
INT_RAN: no visible global function definition for ‘predict’
JOINT: no visible global function definition for ‘rbinom’
JOINT: no visible global function definition for ‘glm’
JOINT: no visible global function definition for ‘as.formula’
JOINT: no visible global function definition for ‘var’
JOINT: no visible global function definition for ‘residuals’
pKuonen: no visible global function definition for ‘pchisq’
pKuonen: no visible global function definition for ‘uniroot’
pKuonen: no visible global function definition for ‘pnorm’
rareGE: no visible global function definition for ‘rbinom’
rareGE: no visible global function definition for ‘as.formula’
rareGE: no visible global function definition for ‘predict’
rareGE: no visible global function definition for ‘glm’
rareGE: no visible global function definition for ‘residuals’
rareGE: no visible global function definition for ‘var’
rareGE_joint_mc: no visible global function definition for ‘pchisq’
rareGE_joint_mc: no visible global function definition for ‘qchisq’
wuweights: no visible global function definition for ‘dbeta’
Undefined global functions or variables:
as.formula dbeta glm pchisq pnorm predict qchisq rbinom residuals
uniroot var
Consider adding
importFrom("stats", "as.formula", "dbeta", "glm", "pchisq", "pnorm",
"predict", "qchisq", "rbinom", "residuals", "uniroot",
"var")
to your NAMESPACE.
Flavors: r-devel-linux-x86_64-debian-clang, r-devel-linux-x86_64-debian-gcc, r-devel-linux-x86_64-fedora-clang, r-devel-linux-x86_64-fedora-gcc, r-devel-windows-ix86+x86_64