CRAN Package Check Results for Package rchallenge

Last updated on 2015-09-06 23:47:37.

Flavor Version Tinstall Tcheck Ttotal Status Flags
r-devel-linux-x86_64-debian-clang 1.1 0.72 12.73 13.46 NOTE
r-devel-linux-x86_64-debian-gcc 1.1 0.76 12.64 13.40 NOTE
r-devel-linux-x86_64-fedora-clang 1.1 25.23 NOTE
r-devel-linux-x86_64-fedora-gcc 1.1 23.63 NOTE
r-devel-osx-x86_64-clang 1.1 25.92 OK
r-devel-windows-ix86+x86_64 1.1 5.00 38.00 43.00 NOTE
r-patched-linux-x86_64 1.1 0.93 13.42 14.35 OK
r-patched-solaris-sparc 1.1 145.50 ERROR
r-patched-solaris-x86 1.1 37.50 ERROR
r-release-linux-x86_64 1.1 0.80 13.54 14.34 OK
r-release-osx-x86_64-mavericks 1.1 ERROR
r-release-windows-ix86+x86_64 1.1 6.00 45.00 51.00 OK

Check Details

Version: 1.1
Check: R code for possible problems
Result: NOTE
    data_partition: no visible global function definition for ‘quantile’
    get_data: no visible global function definition for ‘data’
    plot_activity: no visible global function definition for ‘plot’
    plot_activity: no visible global function definition for ‘axis.POSIXct’
    plot_activity: no visible global function definition for ‘palette’
    plot_activity: no visible global function definition for ‘adjustcolor’
    plot_activity: no visible global function definition for ‘dnorm’
    plot_activity: no visible global function definition for ‘density’
    plot_activity: no visible global function definition for ‘polygon’
    plot_activity: no visible global function definition for ‘legend’
    plot_history: no visible global function definition for ‘plot’
    plot_history: no visible global function definition for ‘axis.POSIXct’
    plot_history: no visible global function definition for ‘axTicks’
    plot_history: no visible global function definition for ‘abline’
    plot_history: no visible global function definition for ‘lines’
    plot_history: no visible global function definition for ‘points’
    plot_history: no visible global function definition for ‘legend’
    Undefined global functions or variables:
     abline adjustcolor axTicks axis.POSIXct data density dnorm legend
     lines palette plot points polygon quantile
    Consider adding
     importFrom("grDevices", "adjustcolor", "palette")
     importFrom("graphics", "abline", "axTicks", "axis.POSIXct", "legend",
     "lines", "plot", "points", "polygon")
     importFrom("stats", "density", "dnorm", "quantile")
     importFrom("utils", "data")
    to your NAMESPACE.
Flavors: r-devel-linux-x86_64-debian-clang, r-devel-linux-x86_64-debian-gcc, r-devel-linux-x86_64-fedora-clang, r-devel-linux-x86_64-fedora-gcc, r-devel-windows-ix86+x86_64

Version: 1.1
Check: examples
Result: ERROR
    Running examples in ‘rchallenge-Ex.R’ failed
    The error most likely occurred in:
    
    > ### Name: publish
    > ### Title: Publish your challenge R Markdown script to a html page.
    > ### Aliases: publish
    >
    > ### ** Examples
    >
    > path <- tempdir()
    > wd <- setwd(path)
    > new_challenge()
    New challenge installed in: "/tmp/RtmpL8aa_a"
    Next steps to complete the installation:
    1. Replace the data files in the "data" subdirectory.
    2. Replace the baseline predictions in "submissions/baseline".
    3. Customize the template R Markdown file "challenge.rmd" as needed.
    4. Create and share subdirectories in "submissions" for each team:
     rchallenge::new_team("team_foo", "team_bar", path=".", submissions_dir="submissions")
    5. Publish the html page in your "Dropbox/Public" folder:
     rchallenge::publish("./challenge.rmd")
    6. Give the Dropbox public link to "Dropbox/Public/challenge.html" to the participants.
    7. Automate the updates of the webpage.
     On Unix systems, you can setup the following line to your crontab using "crontab -e":
     0 * * * * Rscript -e 'rchallenge::publish("/tmp/RtmpL8aa_a/challenge.rmd")'
    > outdir = tempdir()
    > publish(output_dir = outdir, output_options = list(self_contained = FALSE))
    Error: pandoc version 1.12.3 or higher is required and was not found.
    Execution halted
Flavor: r-patched-solaris-sparc

Version: 1.1
Check: examples
Result: ERROR
    Running examples in ‘rchallenge-Ex.R’ failed
    The error most likely occurred in:
    
    > ### Name: publish
    > ### Title: Publish your challenge R Markdown script to a html page.
    > ### Aliases: publish
    >
    > ### ** Examples
    >
    > path <- tempdir()
    > wd <- setwd(path)
    > new_challenge()
    New challenge installed in: "/tmp/RtmpXraG_4"
    Next steps to complete the installation:
    1. Replace the data files in the "data" subdirectory.
    2. Replace the baseline predictions in "submissions/baseline".
    3. Customize the template R Markdown file "challenge.rmd" as needed.
    4. Create and share subdirectories in "submissions" for each team:
     rchallenge::new_team("team_foo", "team_bar", path=".", submissions_dir="submissions")
    5. Publish the html page in your "Dropbox/Public" folder:
     rchallenge::publish("./challenge.rmd")
    6. Give the Dropbox public link to "Dropbox/Public/challenge.html" to the participants.
    7. Automate the updates of the webpage.
     On Unix systems, you can setup the following line to your crontab using "crontab -e":
     0 * * * * Rscript -e 'rchallenge::publish("/tmp/RtmpXraG_4/challenge.rmd")'
    > outdir = tempdir()
    > publish(output_dir = outdir, output_options = list(self_contained = FALSE))
    Error: pandoc version 1.12.3 or higher is required and was not found.
    Execution halted
Flavor: r-patched-solaris-x86

Version: 1.1
Check: examples
Result: ERROR
    Running examples in ‘rchallenge-Ex.R’ failed
    The error most likely occurred in:
    
    > ### Name: publish
    > ### Title: Publish your challenge R Markdown script to a html page.
    > ### Aliases: publish
    >
    > ### ** Examples
    >
    > path <- tempdir()
    > wd <- setwd(path)
    > new_challenge()
    New challenge installed in: "/private/tmp/Rtmp86Hz94"
    Next steps to complete the installation:
    1. Replace the data files in the "data" subdirectory.
    2. Replace the baseline predictions in "submissions/baseline".
    3. Customize the template R Markdown file "challenge.rmd" as needed.
    4. Create and share subdirectories in "submissions" for each team:
     rchallenge::new_team("team_foo", "team_bar", path=".", submissions_dir="submissions")
    5. Publish the html page in your "Dropbox/Public" folder:
     rchallenge::publish("./challenge.rmd")
    6. Give the Dropbox public link to "Dropbox/Public/challenge.html" to the participants.
    7. Automate the updates of the webpage.
     On Unix systems, you can setup the following line to your crontab using "crontab -e":
     0 * * * * Rscript -e 'rchallenge::publish("/private/tmp/Rtmp86Hz94/challenge.rmd")'
    > outdir = tempdir()
    > publish(output_dir = outdir, output_options = list(self_contained = FALSE))
    Error: pandoc version 1.12.3 or higher is required and was not found.
    Execution halted
Flavor: r-release-osx-x86_64-mavericks