CRAN Package Check Results for Package rcppbugs

Last updated on 2015-09-06 23:47:37.

Flavor Version Tinstall Tcheck Ttotal Status Flags
r-devel-linux-x86_64-debian-clang 0.1.4.1 24.05 12.09 36.14 NOTE
r-devel-linux-x86_64-debian-gcc 0.1.4.1 32.61 12.63 45.24 NOTE
r-devel-linux-x86_64-fedora-clang 0.1.4.1 80.70 NOTE
r-devel-linux-x86_64-fedora-gcc 0.1.4.1 85.89 NOTE
r-devel-osx-x86_64-clang 0.1.4.1 68.65 NOTE
r-devel-windows-ix86+x86_64 0.1.4.1 78.00 57.00 135.00 NOTE
r-patched-linux-x86_64 0.1.4.1 32.65 12.98 45.63 NOTE
r-patched-solaris-sparc 0.1.4.1 492.50 NOTE
r-patched-solaris-x86 0.1.4.1 95.90 NOTE
r-release-linux-x86_64 0.1.4.1 32.32 13.18 45.50 NOTE
r-release-osx-x86_64-mavericks 0.1.4.1 NOTE
r-release-windows-ix86+x86_64 0.1.4.1 104.00 40.00 144.00 NOTE
r-oldrel-windows-ix86+x86_64 0.1.4.1 109.00 42.00 151.00 OK

Check Details

Version: 0.1.4.1
Check: installed package size
Result: NOTE
     installed size is 12.6Mb
     sub-directories of 1Mb or more:
     libs 12.5Mb
Flavors: r-devel-linux-x86_64-debian-clang, r-devel-linux-x86_64-debian-gcc, r-devel-linux-x86_64-fedora-clang, r-devel-linux-x86_64-fedora-gcc, r-patched-linux-x86_64, r-release-linux-x86_64, r-release-osx-x86_64-mavericks

Version: 0.1.4.1
Check: DESCRIPTION meta-information
Result: NOTE
    Malformed Description field: should contain one or more complete sentences.
Flavors: r-devel-linux-x86_64-debian-clang, r-devel-linux-x86_64-debian-gcc, r-devel-linux-x86_64-fedora-clang, r-devel-linux-x86_64-fedora-gcc, r-devel-osx-x86_64-clang, r-devel-windows-ix86+x86_64, r-patched-linux-x86_64, r-patched-solaris-sparc, r-patched-solaris-x86, r-release-linux-x86_64, r-release-osx-x86_64-mavericks, r-release-windows-ix86+x86_64

Version: 0.1.4.1
Check: top-level files
Result: NOTE
    Non-standard file/directory found at top level:
     ‘README.rst’
Flavors: r-devel-linux-x86_64-debian-clang, r-devel-linux-x86_64-debian-gcc, r-devel-linux-x86_64-fedora-clang, r-devel-linux-x86_64-fedora-gcc, r-patched-linux-x86_64, r-release-linux-x86_64