CRAN Package Check Results for Package reshape2

Last updated on 2015-09-06 23:47:38.

Flavor Version Tinstall Tcheck Ttotal Status Flags
r-devel-linux-x86_64-debian-clang 1.4.1 6.77 14.87 21.64 NOTE
r-devel-linux-x86_64-debian-gcc 1.4.1 7.18 15.19 22.37 NOTE
r-devel-linux-x86_64-fedora-clang 1.4.1 44.36 NOTE
r-devel-linux-x86_64-fedora-gcc 1.4.1 41.68 NOTE
r-devel-osx-x86_64-clang 1.4.1 35.46 NOTE
r-devel-windows-ix86+x86_64 1.4.1 26.00 74.00 100.00 NOTE
r-patched-linux-x86_64 1.4.1 8.41 15.76 24.17 NOTE
r-patched-solaris-sparc 1.4.1 283.30 NOTE
r-patched-solaris-x86 1.4.1 61.50 NOTE
r-release-linux-x86_64 1.4.1 8.53 15.24 23.77 NOTE
r-release-osx-x86_64-mavericks 1.4.1 NOTE
r-release-windows-ix86+x86_64 1.4.1 35.00 41.00 76.00 NOTE
r-oldrel-windows-ix86+x86_64 1.4.1 41.00 50.00 91.00 OK

Check Details

Version: 1.4.1
Check: DESCRIPTION meta-information
Result: NOTE
    Malformed Title field: should not end in a period.
Flavors: r-devel-linux-x86_64-debian-clang, r-devel-linux-x86_64-debian-gcc, r-devel-linux-x86_64-fedora-clang, r-devel-linux-x86_64-fedora-gcc, r-devel-osx-x86_64-clang, r-devel-windows-ix86+x86_64, r-patched-linux-x86_64, r-patched-solaris-sparc, r-patched-solaris-x86, r-release-linux-x86_64, r-release-osx-x86_64-mavericks, r-release-windows-ix86+x86_64

Version: 1.4.1
Check: R code for possible problems
Result: NOTE
    colsplit: no visible binding for global variable ‘type.convert’
    melt.array : var.convert: no visible global function definition for
     ‘type.convert’
    melt.array: no visible global function definition for ‘setNames’
    melt.default: no visible global function definition for ‘setNames’
    melt.matrix : var.convert: no visible global function definition for
     ‘type.convert’
    melt.matrix: no visible global function definition for ‘setNames’
    melt.table : var.convert: no visible global function definition for
     ‘type.convert’
    melt.table: no visible global function definition for ‘setNames’
    Undefined global functions or variables:
     setNames type.convert
    Consider adding
     importFrom("stats", "setNames")
     importFrom("utils", "type.convert")
    to your NAMESPACE.
Flavors: r-devel-linux-x86_64-debian-clang, r-devel-linux-x86_64-debian-gcc, r-devel-linux-x86_64-fedora-clang, r-devel-linux-x86_64-fedora-gcc, r-devel-windows-ix86+x86_64