Last updated on 2015-09-06 23:47:39.
Flavor | Version | Tinstall | Tcheck | Ttotal | Status | Flags |
---|---|---|---|---|---|---|
r-devel-linux-x86_64-debian-clang | 0.1 | 1.32 | 16.48 | 17.80 | NOTE | |
r-devel-linux-x86_64-debian-gcc | 0.1 | 1.28 | 16.13 | 17.42 | NOTE | |
r-devel-linux-x86_64-fedora-clang | 0.1 | 36.40 | NOTE | |||
r-devel-linux-x86_64-fedora-gcc | 0.1 | 34.89 | NOTE | |||
r-devel-osx-x86_64-clang | 0.1 | 29.83 | NOTE | |||
r-devel-windows-ix86+x86_64 | 0.1 | 6.00 | 57.00 | 63.00 | NOTE | |
r-patched-linux-x86_64 | 0.1 | 1.40 | 17.74 | 19.14 | NOTE | |
r-patched-solaris-sparc | 0.1 | 240.50 | NOTE | |||
r-patched-solaris-x86 | 0.1 | 57.50 | NOTE | |||
r-release-linux-x86_64 | 0.1 | 1.41 | 17.17 | 18.58 | NOTE | |
r-release-osx-x86_64-mavericks | 0.1 | NOTE | ||||
r-release-windows-ix86+x86_64 | 0.1 | 7.00 | 30.00 | 37.00 | NOTE | |
r-oldrel-windows-ix86+x86_64 | 0.1 | 16.00 | 58.00 | 74.00 | NOTE |
Version: 0.1
Check: DESCRIPTION meta-information
Result: NOTE
Malformed Description field: should contain one or more complete sentences.
Flavors: r-devel-linux-x86_64-debian-clang, r-devel-linux-x86_64-debian-gcc, r-devel-linux-x86_64-fedora-clang, r-devel-linux-x86_64-fedora-gcc, r-devel-osx-x86_64-clang, r-devel-windows-ix86+x86_64, r-patched-linux-x86_64, r-patched-solaris-sparc, r-patched-solaris-x86, r-release-linux-x86_64, r-release-osx-x86_64-mavericks, r-release-windows-ix86+x86_64
Version: 0.1
Check: R code for possible problems
Result: NOTE
fish_plot: no visible binding for global variable ‘species_code_data’
fish_plot: no visible binding for global variable ‘country_code_data’
Undefined global functions or variables:
country_code_data species_code_data
Flavors: r-devel-linux-x86_64-debian-clang, r-devel-linux-x86_64-debian-gcc, r-devel-linux-x86_64-fedora-clang, r-devel-linux-x86_64-fedora-gcc, r-devel-osx-x86_64-clang, r-devel-windows-ix86+x86_64
Version: 0.1
Check: R code for possible problems
Result: NOTE
fish_plot: no visible binding for global variable ‘species_code_data’
fish_plot: no visible binding for global variable ‘country_code_data’
Flavors: r-patched-linux-x86_64, r-patched-solaris-sparc, r-patched-solaris-x86, r-release-linux-x86_64, r-release-osx-x86_64-mavericks, r-release-windows-ix86+x86_64, r-oldrel-windows-ix86+x86_64