Last updated on 2015-09-06 23:47:39.
Flavor | Version | Tinstall | Tcheck | Ttotal | Status | Flags |
---|---|---|---|---|---|---|
r-devel-linux-x86_64-debian-clang | 2.1.20 | 10.74 | 19.84 | 30.58 | NOTE | |
r-devel-linux-x86_64-debian-gcc | 2.1.20 | 9.75 | 18.94 | 28.68 | NOTE | |
r-devel-linux-x86_64-fedora-clang | 2.1.20 | 59.96 | NOTE | |||
r-devel-linux-x86_64-fedora-gcc | 2.1.20 | 53.37 | NOTE | |||
r-devel-windows-ix86+x86_64 | 2.1.20 | 88.00 | 77.00 | 165.00 | NOTE | |
r-patched-linux-x86_64 | 2.1.20 | 9.70 | 20.45 | 30.16 | NOTE | |
r-release-linux-x86_64 | 2.1.20 | 9.30 | 20.16 | 29.46 | NOTE | |
r-release-osx-x86_64-mavericks | 2.1.20 | ERROR | ||||
r-release-windows-ix86+x86_64 | 2.1.20 | 120.00 | 80.00 | 200.00 | NOTE | |
r-oldrel-windows-ix86+x86_64 | 2.1.20 | 166.00 | 80.00 | 246.00 | NOTE |
Version: 2.1.20
Check: dependencies in R code
Result: NOTE
'library' or 'require' call to ‘reshape’ in package code.
Please use :: or requireNamespace() instead.
See section 'Suggested packages' in the 'Writing R Extensions' manual.
Flavors: r-devel-linux-x86_64-debian-clang, r-devel-linux-x86_64-debian-gcc, r-devel-linux-x86_64-fedora-clang, r-devel-linux-x86_64-fedora-gcc, r-devel-windows-ix86+x86_64, r-patched-linux-x86_64, r-release-linux-x86_64, r-release-windows-ix86+x86_64, r-oldrel-windows-ix86+x86_64
Version: 2.1.20
Check: S3 generic/method consistency
Result: NOTE
Found the following apparent S3 methods exported but not registered:
as.matrix.GGobiData dataset.character dataset.numeric
edges<-.GGobiDisplay
See section ‘Registering S3 methods’ in the ‘Writing R Extensions’
manual.
Flavors: r-devel-linux-x86_64-debian-clang, r-devel-linux-x86_64-debian-gcc, r-devel-linux-x86_64-fedora-clang, r-devel-linux-x86_64-fedora-gcc, r-patched-linux-x86_64, r-release-linux-x86_64
Version: 2.1.20
Check: R code for possible problems
Result: NOTE
ggobi_longitudinal: no visible global function definition for
‘complete.cases’
ggobi_pcp: no visible global function definition for ‘melt’
ggobi_pcp: no visible global function definition for ‘rescaler’
Undefined global functions or variables:
complete.cases melt rescaler
Consider adding
importFrom("stats", "complete.cases")
to your NAMESPACE.
Flavors: r-devel-linux-x86_64-debian-clang, r-devel-linux-x86_64-debian-gcc, r-devel-linux-x86_64-fedora-clang, r-devel-linux-x86_64-fedora-gcc, r-devel-windows-ix86+x86_64
Version: 2.1.20
Check: R code for possible problems
Result: NOTE
ggobi_pcp: no visible global function definition for ‘melt’
ggobi_pcp: no visible global function definition for ‘rescaler’
Flavors: r-patched-linux-x86_64, r-release-linux-x86_64, r-release-windows-ix86+x86_64, r-oldrel-windows-ix86+x86_64
Version: 2.1.20
Check: whether package can be installed
Result: ERROR
Installation failed.
Flavor: r-release-osx-x86_64-mavericks