Last updated on 2015-09-06 23:47:39.
Flavor | Version | Tinstall | Tcheck | Ttotal | Status | Flags |
---|---|---|---|---|---|---|
r-devel-linux-x86_64-debian-clang | 0.11.0 | 8.92 | 46.09 | 55.01 | NOTE | |
r-devel-linux-x86_64-debian-gcc | 0.11.0 | 12.28 | 46.24 | 58.52 | NOTE | |
r-devel-linux-x86_64-fedora-clang | 0.11.0 | 114.94 | NOTE | |||
r-devel-linux-x86_64-fedora-gcc | 0.11.0 | 112.63 | NOTE | |||
r-devel-osx-x86_64-clang | 0.11.0 | 84.50 | OK | |||
r-devel-windows-ix86+x86_64 | 0.11.0 | 33.00 | 173.00 | 206.00 | NOTE | |
r-patched-linux-x86_64 | 0.11.0 | 13.00 | 48.91 | 61.91 | OK | |
r-patched-solaris-sparc | 0.11.0 | 840.60 | OK | |||
r-patched-solaris-x86 | 0.11.0 | 205.20 | OK | |||
r-release-linux-x86_64 | 0.11.0 | 12.82 | 50.08 | 62.90 | OK | |
r-release-osx-x86_64-mavericks | 0.11.0 | OK | ||||
r-release-windows-ix86+x86_64 | 0.11.0 | 36.00 | 119.00 | 155.00 | OK | |
r-oldrel-windows-ix86+x86_64 | 0.11.0 | 42.00 | 140.00 | 182.00 | OK |
Version: 0.11.0
Check: R code for possible problems
Result: NOTE
read.mat: no visible global function definition for ‘download.file’
write.mat,list: no visible global function definition for
‘packageVersion’
Undefined global functions or variables:
download.file packageVersion
Consider adding
importFrom("utils", "download.file", "packageVersion")
to your NAMESPACE.
Flavors: r-devel-linux-x86_64-debian-clang, r-devel-linux-x86_64-debian-gcc, r-devel-linux-x86_64-fedora-clang, r-devel-linux-x86_64-fedora-gcc, r-devel-windows-ix86+x86_64