Last updated on 2015-09-06 23:47:40.
Flavor | Version | Tinstall | Tcheck | Ttotal | Status | Flags |
---|---|---|---|---|---|---|
r-devel-linux-x86_64-debian-clang | 0.4.1 | 1.22 | 28.79 | 30.01 | OK | |
r-devel-linux-x86_64-debian-gcc | 0.4.1 | 1.20 | 27.65 | 28.86 | OK | |
r-devel-linux-x86_64-fedora-clang | 0.4.1 | 45.75 | OK | |||
r-devel-linux-x86_64-fedora-gcc | 0.4.1 | 43.93 | OK | |||
r-devel-osx-x86_64-clang | 0.4.1 | 42.59 | OK | |||
r-devel-windows-ix86+x86_64 | 0.4.1 | 5.00 | 76.00 | 81.00 | OK | |
r-patched-linux-x86_64 | 0.4.1 | 1.29 | 29.61 | 30.90 | OK | |
r-patched-solaris-sparc | 0.4.1 | 264.90 | NOTE | |||
r-patched-solaris-x86 | 0.4.1 | 68.30 | NOTE | |||
r-release-linux-x86_64 | 0.4.1 | 1.70 | 28.65 | 30.34 | OK | |
r-release-osx-x86_64-mavericks | 0.4.1 | NOTE | ||||
r-release-windows-ix86+x86_64 | 0.4.1 | 8.00 | 43.00 | 51.00 | OK | |
r-oldrel-windows-ix86+x86_64 | 0.4.1 | 11.00 | 72.00 | 83.00 | OK |
Version: 0.4.1
Check: re-building of vignette outputs
Result: NOTE
Error in re-building vignettes:
...
Quitting from lines 203-207 (how-to-use-rotl.Rmd)
Error: processing vignette 'how-to-use-rotl.Rmd' failed with diagnostics:
the table must have a header (column names)
Execution halted
Flavors: r-patched-solaris-sparc, r-patched-solaris-x86, r-release-osx-x86_64-mavericks