CRAN Package Check Results for Package rpartitions

Last updated on 2015-09-06 23:47:40.

Flavor Version Tinstall Tcheck Ttotal Status Flags
r-devel-linux-x86_64-debian-clang 0.1 0.91 10.16 11.07 NOTE
r-devel-linux-x86_64-debian-gcc 0.1 0.90 10.17 11.08 NOTE
r-devel-linux-x86_64-fedora-clang 0.1 21.59 NOTE
r-devel-linux-x86_64-fedora-gcc 0.1 19.92 NOTE
r-devel-osx-x86_64-clang 0.1 20.01 NOTE
r-devel-windows-ix86+x86_64 0.1 6.00 42.00 48.00 NOTE
r-patched-linux-x86_64 0.1 1.11 10.86 11.96 NOTE
r-patched-solaris-sparc 0.1 142.30 NOTE
r-patched-solaris-x86 0.1 32.70 NOTE
r-release-linux-x86_64 0.1 1.00 11.51 12.51 NOTE
r-release-osx-x86_64-mavericks 0.1 NOTE
r-release-windows-ix86+x86_64 0.1 6.00 23.00 29.00 NOTE
r-oldrel-windows-ix86+x86_64 0.1 9.00 30.00 39.00 NOTE

Check Details

Version: 0.1
Check: DESCRIPTION meta-information
Result: NOTE
    License components which are templates and need '+ file LICENSE':
     MIT
Flavors: r-devel-linux-x86_64-debian-clang, r-devel-linux-x86_64-debian-gcc, r-devel-linux-x86_64-fedora-clang, r-devel-linux-x86_64-fedora-gcc, r-devel-osx-x86_64-clang, r-patched-linux-x86_64, r-patched-solaris-sparc, r-patched-solaris-x86, r-release-linux-x86_64, r-release-osx-x86_64-mavericks

Version: 0.1
Check: dependencies in R code
Result: NOTE
    Package in Depends field not imported from: ‘hash’
     These packages need to be imported from (in the NAMESPACE file)
     for when this namespace is loaded but not attached.
Flavors: r-devel-linux-x86_64-debian-clang, r-devel-linux-x86_64-debian-gcc, r-devel-linux-x86_64-fedora-clang, r-devel-linux-x86_64-fedora-gcc, r-devel-osx-x86_64-clang, r-devel-windows-ix86+x86_64, r-patched-linux-x86_64, r-patched-solaris-sparc, r-patched-solaris-x86, r-release-linux-x86_64, r-release-osx-x86_64-mavericks, r-release-windows-ix86+x86_64, r-oldrel-windows-ix86+x86_64

Version: 0.1
Check: R code for possible problems
Result: NOTE
    P: no visible global function definition for ‘has.key’
    get_rand_int: no visible global function definition for ‘runif’
    last: no visible global function definition for ‘tail’
    rand_partitions: no visible global function definition for ‘hash’
    Undefined global functions or variables:
     has.key hash runif tail
    Consider adding
     importFrom("stats", "runif")
     importFrom("utils", "tail")
    to your NAMESPACE.
Flavors: r-devel-linux-x86_64-debian-clang, r-devel-linux-x86_64-debian-gcc, r-devel-linux-x86_64-fedora-clang, r-devel-linux-x86_64-fedora-gcc, r-devel-windows-ix86+x86_64

Version: 0.1
Check: R code for possible problems
Result: NOTE
    P: no visible global function definition for ‘has.key’
    rand_partitions: no visible global function definition for ‘hash’
    Undefined global functions or variables:
     has.key hash
Flavor: r-devel-osx-x86_64-clang

Version: 0.1
Check: R code for possible problems
Result: NOTE
    P: no visible global function definition for ‘has.key’
    rand_partitions: no visible global function definition for ‘hash’
Flavors: r-patched-linux-x86_64, r-patched-solaris-sparc, r-patched-solaris-x86, r-release-linux-x86_64, r-release-osx-x86_64-mavericks, r-release-windows-ix86+x86_64, r-oldrel-windows-ix86+x86_64