Last updated on 2015-09-06 23:47:41.
Flavor | Version | Tinstall | Tcheck | Ttotal | Status | Flags |
---|---|---|---|---|---|---|
r-devel-linux-x86_64-debian-clang | 0.9.2 | 26.25 | 14.24 | 40.49 | NOTE | |
r-devel-linux-x86_64-debian-gcc | 0.9.2 | 31.02 | 14.52 | 45.54 | NOTE | |
r-devel-linux-x86_64-fedora-clang | 0.9.2 | 102.10 | NOTE | |||
r-devel-linux-x86_64-fedora-gcc | 0.9.2 | 85.09 | NOTE | |||
r-devel-osx-x86_64-clang | 0.9.2 | 60.33 | NOTE | |||
r-devel-windows-ix86+x86_64 | 0.9.2 | 130.00 | 58.00 | 188.00 | NOTE | |
r-patched-linux-x86_64 | 0.9.2 | 30.86 | 15.64 | 46.50 | NOTE | |
r-patched-solaris-sparc | 0.9.2 | 548.50 | NOTE | |||
r-patched-solaris-x86 | 0.9.2 | 115.80 | NOTE | |||
r-release-linux-x86_64 | 0.9.2 | 32.58 | 16.88 | 49.47 | NOTE | |
r-release-osx-x86_64-mavericks | 0.9.2 | NOTE | ||||
r-release-windows-ix86+x86_64 | 0.9.2 | 167.00 | 38.00 | 205.00 | NOTE | |
r-oldrel-windows-ix86+x86_64 | 0.9.2 | 188.00 | 42.00 | 230.00 | NOTE |
Version: 0.9.2
Check: installed package size
Result: NOTE
installed size is 8.4Mb
sub-directories of 1Mb or more:
lib 4.8Mb
projects 2.8Mb
Flavors: r-devel-linux-x86_64-debian-clang, r-devel-linux-x86_64-debian-gcc, r-devel-linux-x86_64-fedora-clang, r-devel-linux-x86_64-fedora-gcc, r-devel-osx-x86_64-clang, r-devel-windows-ix86+x86_64, r-patched-linux-x86_64, r-patched-solaris-sparc, r-patched-solaris-x86, r-release-linux-x86_64, r-release-osx-x86_64-mavericks, r-release-windows-ix86+x86_64, r-oldrel-windows-ix86+x86_64