CRAN Package Check Results for Package rvest

Last updated on 2015-09-06 23:47:41.

Flavor Version Tinstall Tcheck Ttotal Status Flags
r-devel-linux-x86_64-debian-clang 0.2.0 0.97 24.65 25.62 NOTE
r-devel-linux-x86_64-debian-gcc 0.2.0 1.14 28.00 29.14 NOTE
r-devel-linux-x86_64-fedora-clang 0.2.0 31.52 NOTE
r-devel-linux-x86_64-fedora-gcc 0.2.0 29.79 NOTE
r-devel-osx-x86_64-clang 0.2.0 42.07 OK
r-devel-windows-ix86+x86_64 0.2.0 4.00 49.00 53.00 NOTE
r-patched-linux-x86_64 0.2.0 1.12 25.35 26.46 OK
r-patched-solaris-sparc 0.2.0 211.40 OK
r-patched-solaris-x86 0.2.0 52.40 OK
r-release-linux-x86_64 0.2.0 1.26 26.20 27.46 OK
r-release-osx-x86_64-mavericks 0.2.0 OK
r-release-windows-ix86+x86_64 0.2.0 7.00 35.00 42.00 OK
r-oldrel-windows-ix86+x86_64 0.2.0 10.00 64.00 74.00 OK

Check Details

Version: 0.2.0
Check: R code for possible problems
Result: NOTE
    html_table.XMLInternalElementNode : <anonymous>: no visible global
     function definition for ‘type.convert’
    parse_options: no visible global function definition for ‘setNames’
    show: no visible global function definition for ‘browseURL’
    Undefined global functions or variables:
     browseURL setNames type.convert
    Consider adding
     importFrom("stats", "setNames")
     importFrom("utils", "browseURL", "type.convert")
    to your NAMESPACE.
Flavors: r-devel-linux-x86_64-debian-clang, r-devel-linux-x86_64-debian-gcc, r-devel-linux-x86_64-fedora-clang, r-devel-linux-x86_64-fedora-gcc, r-devel-windows-ix86+x86_64