CRAN Package Check Results for Package scam

Last updated on 2015-09-06 23:47:41.

Flavor Version Tinstall Tcheck Ttotal Status Flags
r-devel-linux-x86_64-debian-clang 1.1-9 2.94 55.22 58.16 NOTE
r-devel-linux-x86_64-debian-gcc 1.1-9 3.08 53.87 56.95 NOTE
r-devel-linux-x86_64-fedora-clang 1.1-9 112.67 NOTE
r-devel-linux-x86_64-fedora-gcc 1.1-9 109.50 NOTE
r-devel-osx-x86_64-clang 1.1-9 87.04 OK
r-devel-windows-ix86+x86_64 1.1-9 9.00 113.00 122.00 NOTE
r-patched-linux-x86_64 1.1-9 3.13 56.48 59.62 OK
r-patched-solaris-sparc 1.1-9 748.50 OK
r-patched-solaris-x86 1.1-9 150.10 OK
r-release-linux-x86_64 1.1-9 3.15 58.58 61.73 OK
r-release-osx-x86_64-mavericks 1.1-9 OK
r-release-windows-ix86+x86_64 1.1-9 12.00 124.00 136.00 OK
r-oldrel-windows-ix86+x86_64 1.1-9 14.00 139.00 153.00 OK

Check Details

Version: 1.1-9
Check: R code for possible problems
Result: NOTE
    estimate.scam: no visible global function definition for ‘optim’
    estimate.scam: no visible global function definition for ‘nlm’
    liu2: no visible global function definition for ‘pchisq’
    plot.mgcv.smooth : sp.contour: no visible global function definition
     for ‘median’
    plot.mgcv.smooth : sp.contour: no visible global function definition
     for ‘title’
    plot.random.effect: no visible global function definition for ‘qqnorm’
    plot.random.effect: no visible global function definition for ‘qqline’
    plot.scam: no visible global function definition for ‘dev.interactive’
    plot.scam: no visible global function definition for ‘devAskNewPage’
    plot.scam: no visible global function definition for ‘termplot’
    predict.scam: no visible binding for global variable ‘na.pass’
    predict.scam: no visible global function definition for
     ‘delete.response’
    predict.scam: no visible global function definition for ‘reformulate’
    predict.scam: no visible global function definition for ‘model.frame’
    predict.scam: no visible global function definition for
     ‘.checkMFClasses’
    predict.scam: no visible global function definition for ‘model.offset’
    predict.scam: no visible global function definition for ‘napredict’
    print.summary.scam: no visible global function definition for
     ‘printCoefmat’
    reTest.scam: no visible global function definition for ‘coef’
    recov.scam: no visible global function definition for ‘coef’
    residuals.scam: no visible global function definition for ‘naresid’
    scam: no visible global function definition for ‘gaussian’
    scam: no visible global function definition for ‘model.offset’
    scam.check: no visible global function definition for ‘qqnorm’
    scam.check: no visible global function definition for ‘qqline’
    scam.check: no visible global function definition for ‘fitted’
    simf: no visible global function definition for ‘qchisq’
    summary.scam: no visible global function definition for ‘pnorm’
    summary.scam: no visible global function definition for ‘pt’
    summary.scam: no visible global function definition for ‘pchisq’
    summary.scam: no visible global function definition for ‘pf’
    summary.scam: no visible global function definition for ‘runif’
    summary.scam: no visible global function definition for ‘var’
    testStat: no visible global function definition for ‘pchisq’
    testStat: no visible global function definition for ‘pf’
    Undefined global functions or variables:
     .checkMFClasses coef delete.response dev.interactive devAskNewPage
     fitted gaussian median model.frame model.offset na.pass napredict
     naresid nlm optim pchisq pf pnorm printCoefmat pt qchisq qqline
     qqnorm reformulate runif termplot title var
    Consider adding
     importFrom("grDevices", "dev.interactive", "devAskNewPage")
     importFrom("graphics", "title")
     importFrom("stats", ".checkMFClasses", "coef", "delete.response",
     "fitted", "gaussian", "median", "model.frame",
     "model.offset", "na.pass", "napredict", "naresid", "nlm",
     "optim", "pchisq", "pf", "pnorm", "printCoefmat", "pt",
     "qchisq", "qqline", "qqnorm", "reformulate", "runif",
     "termplot", "var")
    to your NAMESPACE.
Flavors: r-devel-linux-x86_64-debian-clang, r-devel-linux-x86_64-debian-gcc, r-devel-linux-x86_64-fedora-clang, r-devel-linux-x86_64-fedora-gcc, r-devel-windows-ix86+x86_64