Last updated on 2015-09-06 23:47:42.
Flavor | Version | Tinstall | Tcheck | Ttotal | Status | Flags |
---|---|---|---|---|---|---|
r-devel-linux-x86_64-debian-clang | 0.9-11 | 1.30 | 19.66 | 20.96 | NOTE | |
r-devel-linux-x86_64-debian-gcc | 0.9-11 | 0.96 | 19.37 | 20.33 | NOTE | |
r-devel-linux-x86_64-fedora-clang | 0.9-11 | 35.38 | NOTE | |||
r-devel-linux-x86_64-fedora-gcc | 0.9-11 | 34.04 | NOTE | |||
r-devel-osx-x86_64-clang | 0.9-11 | 33.96 | OK | |||
r-devel-windows-ix86+x86_64 | 0.9-11 | 4.00 | 64.00 | 68.00 | NOTE | |
r-patched-linux-x86_64 | 0.9-11 | 1.36 | 21.43 | 22.79 | OK | |
r-patched-solaris-sparc | 0.9-11 | 281.70 | OK | |||
r-patched-solaris-x86 | 0.9-11 | 60.40 | OK | |||
r-release-linux-x86_64 | 0.9-11 | 1.19 | 20.98 | 22.17 | OK | |
r-release-osx-x86_64-mavericks | 0.9-11 | OK | ||||
r-release-windows-ix86+x86_64 | 0.9-11 | 5.00 | 35.00 | 40.00 | OK | |
r-oldrel-windows-ix86+x86_64 | 0.9-11 | 10.00 | 81.00 | 91.00 | OK |
Version: 0.9-11
Check: R code for possible problems
Result: NOTE
estimateTimeToComputeTargetDefinition: no visible global function
definition for ‘flush.console’
estimateTimeToComputeTargetDefinition: no visible global function
definition for ‘combn’
initialize,sdcTargetDefinitionClass: no visible global function
definition for ‘flush.console’
initialize,sdcTargetDefinitionClass: no visible global function
definition for ‘combn’
initialize,sdcTargetDefinitionClass: no visible global function
definition for ‘quantile’
initialize,sdcTargetMatrixClass: no visible global function definition
for ‘flush.console’
Undefined global functions or variables:
combn flush.console quantile
Consider adding
importFrom("stats", "quantile")
importFrom("utils", "combn", "flush.console")
to your NAMESPACE.
Flavors: r-devel-linux-x86_64-debian-clang, r-devel-linux-x86_64-debian-gcc, r-devel-linux-x86_64-fedora-clang, r-devel-linux-x86_64-fedora-gcc, r-devel-windows-ix86+x86_64