Last updated on 2015-09-06 23:47:42.
Flavor | Version | Tinstall | Tcheck | Ttotal | Status | Flags |
---|---|---|---|---|---|---|
r-devel-linux-x86_64-debian-clang | 1.0.1 | 7.48 | 11.60 | 19.09 | OK | |
r-devel-linux-x86_64-debian-gcc | 1.0.1 | 6.71 | 11.40 | 18.11 | OK | |
r-devel-linux-x86_64-fedora-clang | 1.0.1 | 39.82 | OK | |||
r-devel-linux-x86_64-fedora-gcc | 1.0.1 | 34.93 | OK | |||
r-devel-osx-x86_64-clang | 1.0.1 | 31.06 | OK | |||
r-devel-windows-ix86+x86_64 | 1.0.1 | 29.00 | 49.00 | 78.00 | OK | |
r-patched-linux-x86_64 | 1.0.1 | 6.99 | 12.22 | 19.22 | OK | |
r-patched-solaris-sparc | 1.0.1 | 233.50 | NOTE | |||
r-patched-solaris-x86 | 1.0.1 | 48.80 | NOTE | |||
r-release-linux-x86_64 | 1.0.1 | 7.03 | 12.46 | 19.50 | OK | |
r-release-osx-x86_64-mavericks | 1.0.1 | OK | ||||
r-release-windows-ix86+x86_64 | 1.0.1 | 42.00 | 32.00 | 74.00 | OK | |
r-oldrel-windows-ix86+x86_64 | 1.0.1 | 45.00 | 37.00 | 82.00 | OK |
Version: 1.0.1
Check: package dependencies
Result: NOTE
Package suggested but not available for checking: ‘microbenchmark’
Flavors: r-patched-solaris-sparc, r-patched-solaris-x86