Last updated on 2015-09-06 23:47:42.
Flavor | Version | Tinstall | Tcheck | Ttotal | Status | Flags |
---|---|---|---|---|---|---|
r-devel-linux-x86_64-debian-clang | 1.0-28 | 1.63 | 30.14 | 31.78 | NOTE | |
r-devel-linux-x86_64-debian-gcc | 1.0-28 | 1.47 | 29.04 | 30.51 | NOTE | |
r-devel-linux-x86_64-fedora-clang | 1.0-28 | 61.33 | OK | |||
r-devel-linux-x86_64-fedora-gcc | 1.0-28 | 57.92 | OK | |||
r-devel-osx-x86_64-clang | 1.0-28 | 51.24 | OK | |||
r-devel-windows-ix86+x86_64 | 1.0-28 | 5.00 | 68.00 | 73.00 | OK | |
r-patched-linux-x86_64 | 1.0-28 | 1.53 | 31.46 | 32.99 | NOTE | |
r-patched-solaris-sparc | 1.0-28 | 336.70 | OK | |||
r-patched-solaris-x86 | 1.0-28 | 79.70 | OK | |||
r-release-linux-x86_64 | 1.0-28 | 1.60 | 31.22 | 32.82 | NOTE | |
r-release-osx-x86_64-mavericks | 1.0-28 | OK | ||||
r-release-windows-ix86+x86_64 | 1.0-28 | 11.00 | 86.00 | 97.00 | OK | |
r-oldrel-windows-ix86+x86_64 | 1.0-28 | 10.00 | 88.00 | 98.00 | OK |
Version: 1.0-28
Check: R code for possible problems
Result: NOTE
Found the following calls to attach():
File ‘sfsmisc/R/sourceAttach.R’:
attach(ENV, pos = pos, name = name, warn.conflicts = warn.conflicts)
See section ‘Good practice’ in ‘?attach’.
Flavors: r-devel-linux-x86_64-debian-clang, r-devel-linux-x86_64-debian-gcc, r-patched-linux-x86_64, r-release-linux-x86_64