Last updated on 2015-09-06 23:47:42.
Flavor | Version | Tinstall | Tcheck | Ttotal | Status | Flags |
---|---|---|---|---|---|---|
r-devel-linux-x86_64-debian-clang | 0.28 | 1.09 | 15.21 | 16.30 | NOTE | |
r-devel-linux-x86_64-debian-gcc | 0.28 | 1.08 | 15.05 | 16.13 | NOTE | |
r-devel-linux-x86_64-fedora-clang | 0.28 | 31.37 | NOTE | |||
r-devel-linux-x86_64-fedora-gcc | 0.28 | 29.65 | NOTE | |||
r-devel-osx-x86_64-clang | 0.28 | 28.56 | NOTE | |||
r-devel-windows-ix86+x86_64 | 0.28 | 5.00 | 73.00 | 78.00 | NOTE | |
r-patched-linux-x86_64 | 0.28 | 1.17 | 16.42 | 17.59 | NOTE | |
r-patched-solaris-sparc | 0.28 | 205.50 | NOTE | |||
r-patched-solaris-x86 | 0.28 | 47.50 | NOTE | |||
r-release-linux-x86_64 | 0.28 | 1.19 | 15.82 | 17.00 | NOTE | |
r-release-osx-x86_64-mavericks | 0.28 | NOTE | ||||
r-release-windows-ix86+x86_64 | 0.28 | 8.00 | 28.00 | 36.00 | NOTE | |
r-oldrel-windows-ix86+x86_64 | 0.28 | 9.00 | 53.00 | 62.00 | OK |
Version: 0.28
Check: DESCRIPTION meta-information
Result: NOTE
Malformed Description field: should contain one or more complete sentences.
Flavors: r-devel-linux-x86_64-debian-clang, r-devel-linux-x86_64-debian-gcc, r-devel-linux-x86_64-fedora-clang, r-devel-linux-x86_64-fedora-gcc, r-devel-osx-x86_64-clang, r-devel-windows-ix86+x86_64, r-patched-linux-x86_64, r-patched-solaris-sparc, r-patched-solaris-x86, r-release-linux-x86_64, r-release-osx-x86_64-mavericks, r-release-windows-ix86+x86_64
Version: 0.28
Check: R code for possible problems
Result: NOTE
.params: no visible binding for global variable ‘URLencode’
.params: no visible global function definition for ‘URLencode’
Undefined global functions or variables:
URLencode
Consider adding
importFrom("utils", "URLencode")
to your NAMESPACE.
Flavors: r-devel-linux-x86_64-debian-clang, r-devel-linux-x86_64-debian-gcc, r-devel-linux-x86_64-fedora-clang, r-devel-linux-x86_64-fedora-gcc, r-devel-windows-ix86+x86_64