CRAN Package Check Results for Package sirt

Last updated on 2015-09-06 23:47:43.

Flavor Version Tinstall Tcheck Ttotal Status Flags
r-devel-linux-x86_64-debian-clang 1.8-9 51.38 212.94 264.32 NOTE
r-devel-linux-x86_64-debian-gcc 1.8-9 58.60 213.66 272.26 NOTE
r-devel-linux-x86_64-fedora-clang 1.8-9 542.21 NOTE
r-devel-linux-x86_64-fedora-gcc 1.8-9 515.31 NOTE
r-devel-osx-x86_64-clang 1.8-9 419.27 OK
r-devel-windows-ix86+x86_64 1.8-9 125.00 536.00 661.00 OK
r-patched-linux-x86_64 1.8-9 60.24 221.71 281.95 NOTE
r-patched-solaris-sparc 1.8-9 3140.10 OK
r-patched-solaris-x86 1.8-9 620.80 OK
r-release-linux-x86_64 1.8-9 61.04 215.42 276.46 NOTE
r-release-osx-x86_64-mavericks 1.8-9 OK
r-release-windows-ix86+x86_64 1.8-9 195.00 396.00 591.00 OK
r-oldrel-windows-ix86+x86_64 1.8-9 241.00 592.00 833.00 OK

Check Details

Version: 1.8-9
Check: installed package size
Result: NOTE
     installed size is 5.5Mb
     sub-directories of 1Mb or more:
     libs 3.3Mb
Flavors: r-devel-linux-x86_64-debian-clang, r-devel-linux-x86_64-debian-gcc, r-devel-linux-x86_64-fedora-clang, r-devel-linux-x86_64-fedora-gcc, r-patched-linux-x86_64, r-release-linux-x86_64