Last updated on 2015-09-06 23:47:43.
Flavor | Version | Tinstall | Tcheck | Ttotal | Status | Flags |
---|---|---|---|---|---|---|
r-devel-linux-x86_64-debian-clang | 0.2-7 | 0.59 | 18.05 | 18.64 | NOTE | |
r-devel-linux-x86_64-debian-gcc | 0.2-7 | 0.60 | 17.04 | 17.64 | NOTE | |
r-devel-linux-x86_64-fedora-clang | 0.2-7 | 33.38 | NOTE | |||
r-devel-linux-x86_64-fedora-gcc | 0.2-7 | 32.72 | NOTE | |||
r-devel-osx-x86_64-clang | 0.2-7 | 29.60 | NOTE | |||
r-devel-windows-ix86+x86_64 | 0.2-7 | 3.00 | 41.00 | 44.00 | NOTE | |
r-patched-linux-x86_64 | 0.2-7 | 0.70 | 18.24 | 18.94 | NOTE | |
r-patched-solaris-sparc | 0.2-7 | 251.60 | NOTE | |||
r-patched-solaris-x86 | 0.2-7 | 50.10 | NOTE | |||
r-release-linux-x86_64 | 0.2-7 | 0.64 | 18.50 | 19.13 | NOTE | |
r-release-osx-x86_64-mavericks | 0.2-7 | NOTE | ||||
r-release-windows-ix86+x86_64 | 0.2-7 | 5.00 | 29.00 | 34.00 | NOTE | |
r-oldrel-windows-ix86+x86_64 | 0.2-7 | 7.00 | 35.00 | 42.00 | NOTE |
Version: 0.2-7
Check: package dependencies
Result: NOTE
Package which this enhances but not available for checking: ‘kmndirs’
Flavors: r-devel-linux-x86_64-debian-clang, r-devel-linux-x86_64-debian-gcc, r-devel-linux-x86_64-fedora-clang, r-devel-linux-x86_64-fedora-gcc, r-devel-osx-x86_64-clang, r-devel-windows-ix86+x86_64, r-patched-linux-x86_64, r-patched-solaris-sparc, r-patched-solaris-x86, r-release-linux-x86_64, r-release-osx-x86_64-mavericks, r-release-windows-ix86+x86_64, r-oldrel-windows-ix86+x86_64
Version: 0.2-7
Check: dependencies in R code
Result: NOTE
Unavailable namespace imported from by a ':::' call: ‘kmndirs’
See the note in ?`:::` about the use of this operator.
Flavors: r-devel-linux-x86_64-debian-clang, r-devel-linux-x86_64-debian-gcc, r-devel-linux-x86_64-fedora-clang, r-devel-linux-x86_64-fedora-gcc, r-devel-osx-x86_64-clang, r-devel-windows-ix86+x86_64, r-patched-linux-x86_64, r-patched-solaris-sparc, r-patched-solaris-x86, r-release-linux-x86_64, r-release-osx-x86_64-mavericks, r-release-windows-ix86+x86_64, r-oldrel-windows-ix86+x86_64