CRAN Package Check Results for Package spatialEco

Last updated on 2015-09-06 23:47:44.

Flavor Version Tinstall Tcheck Ttotal Status Flags
r-devel-linux-x86_64-debian-clang 0.1-1 0.72 28.73 29.44 NOTE
r-devel-linux-x86_64-debian-gcc 0.1-1 0.70 26.90 27.60 NOTE
r-devel-linux-x86_64-fedora-clang 0.1-1 56.52 NOTE
r-devel-linux-x86_64-fedora-gcc 0.1-1 52.73 NOTE
r-devel-osx-x86_64-clang 0.1-1 44.51 OK
r-devel-windows-ix86+x86_64 0.1-1 4.00 65.00 69.00 NOTE
r-patched-linux-x86_64 0.1-1 0.84 29.70 30.54 OK
r-patched-solaris-sparc 0.1-1 360.60 OK
r-patched-solaris-x86 0.1-1 77.50 OK
r-release-linux-x86_64 0.1-1 0.76 29.54 30.30 OK
r-release-osx-x86_64-mavericks 0.1-1 OK
r-release-windows-ix86+x86_64 0.1-1 8.00 44.00 52.00 OK
r-oldrel-windows-ix86+x86_64 0.1-1 7.00 55.00 62.00 OK

Check Details

Version: 0.1-1
Check: R code for possible problems
Result: NOTE
    breeding.density : point.density: no visible global function definition
     for ‘na.omit’
    breeding.density: no visible global function definition for ‘slot’
    breeding.density : <anonymous>: no visible global function definition
     for ‘slot’
    correlogram: no visible global function definition for ‘cor’
    correlogram: no visible binding for global variable ‘quantile’
    correlogram: no visible global function definition for ‘plot’
    correlogram: no visible global function definition for ‘polygon’
    correlogram: no visible global function definition for ‘lines’
    correlogram: no visible global function definition for ‘recordPlot’
    download.daymet: no visible global function definition for
     ‘download.file’
    download.hansen: no visible global function definition for
     ‘download.file’
    download.prism: no visible global function definition for
     ‘download.file’
    download.prism: no visible global function definition for ‘unzip’
    group.pdf: no visible binding for global variable ‘density’
    group.pdf: no visible global function definition for ‘plot’
    group.pdf: no visible global function definition for ‘lines’
    group.pdf: no visible global function definition for ‘legend’
    idw.smoothing: no visible global function definition for
     ‘weighted.mean’
    land.metrics: no visible global function definition for ‘plot’
    local.min.max: no visible global function definition for ‘na.omit’
    local.min.max: no visible global function definition for ‘points’
    local.min.max: no visible global function definition for ‘abline’
    local.min.max: no visible global function definition for ‘legend’
    logistic.regression: no visible global function definition for
     ‘as.formula’
    logistic.regression: no visible global function definition for ‘update’
    logistic.regression: no visible global function definition for
     ‘residuals’
    logistic.regression: no visible global function definition for ‘var’
    logistic.regression: no visible global function definition for ‘pnorm’
    moments : skew: no visible global function definition for ‘sd’
    moments : kurt: no visible global function definition for ‘var’
    moments : cv: no visible global function definition for ‘sd’
    moments : dmode: no visible global function definition for ‘density’
    moments : n.modes: no visible global function definition for ‘density’
    moments : n.modes: no visible global function definition for
     ‘smooth.spline’
    moments : n.modes: no visible global function definition for ‘predict’
    moments: no visible global function definition for ‘quantile’
    moments: no visible global function definition for ‘sd’
    moments: no visible global function definition for ‘var’
    moments: no visible global function definition for ‘mad’
    moments: no visible global function definition for ‘density’
    moments: no visible global function definition for ‘polygon’
    moments: no visible global function definition for ‘abline’
    moments: no visible global function definition for ‘legend’
    o.ring: no visible global function definition for ‘plot’
    optimal.k: no visible global function definition for ‘axis’
    outliers : mad: no visible global function definition for ‘median’
    outliers: no visible global function definition for ‘median’
    parea.sample: no visible global function definition for ‘slot’
    parea.sample : <anonymous>: no visible global function definition for
     ‘slot’
    point.in.poly: no visible global function definition for ‘na.omit’
    pp.subsample : bw.Scott: no visible global function definition for
     ‘var’
    pp.subsample : bw.likelihood: no visible global function definition for
     ‘density’
    pp.subsample: no visible global function definition for ‘density’
    pseudo.absence : bw.Scott: no visible global function definition for
     ‘var’
    pseudo.absence : bw.likelihood: no visible global function definition
     for ‘density’
    pseudo.absence: no visible global function definition for ‘density’
    separability: no visible global function definition for ‘cov’
    separability: no visible global function definition for ‘sd’
    separability: no visible global function definition for ‘col2rgb’
    separability: no visible global function definition for ‘density’
    separability: no visible global function definition for ‘polygon’
    separability: no visible global function definition for ‘rgb’
    separability: no visible global function definition for ‘abline’
    separability: no visible global function definition for ‘legend’
    trend.line: no visible global function definition for ‘glm’
    trend.line: no visible global function definition for ‘coef’
    trend.line: no visible global function definition for ‘nls’
    trend.line: no visible global function definition for ‘abline’
    trend.line: no visible global function definition for ‘lines’
    zonal.stats: no visible global function definition for ‘na.omit’
    Undefined global functions or variables:
     abline as.formula axis coef col2rgb cor cov density download.file glm
     legend lines mad median na.omit nls plot pnorm points polygon predict
     quantile recordPlot residuals rgb sd slot smooth.spline unzip update
     var weighted.mean
    Consider adding
     importFrom("grDevices", "col2rgb", "recordPlot", "rgb")
     importFrom("graphics", "abline", "axis", "legend", "lines", "plot",
     "points", "polygon")
     importFrom("methods", "slot")
     importFrom("stats", "as.formula", "coef", "cor", "cov", "density",
     "glm", "mad", "median", "na.omit", "nls", "pnorm",
     "predict", "quantile", "residuals", "sd", "smooth.spline",
     "update", "var", "weighted.mean")
     importFrom("utils", "download.file", "unzip")
    to your NAMESPACE (and ensure that your DESCRIPTION Imports field
    contains 'methods').
Flavors: r-devel-linux-x86_64-debian-clang, r-devel-linux-x86_64-debian-gcc, r-devel-linux-x86_64-fedora-clang, r-devel-linux-x86_64-fedora-gcc, r-devel-windows-ix86+x86_64