CRAN Package Check Results for Package spatstat

Last updated on 2015-09-06 23:47:44.

Flavor Version Tinstall Tcheck Ttotal Status Flags
r-devel-linux-x86_64-debian-clang 1.42-2 81.34 455.52 536.87 NOTE --no-tests
r-devel-linux-x86_64-debian-gcc 1.42-2 77.68 452.08 529.76 NOTE --no-tests
r-devel-linux-x86_64-fedora-clang 1.42-2 1167.32 NOTE
r-devel-linux-x86_64-fedora-gcc 1.42-2 1127.26 NOTE
r-devel-osx-x86_64-clang 1.42-2 888.61 NOTE
r-devel-windows-ix86+x86_64 1.42-2 228.00 1365.00 1593.00 NOTE
r-patched-linux-x86_64 1.42-2 82.86 466.94 549.80 NOTE --no-tests
r-patched-solaris-sparc 1.42-2 7235.70 NOTE
r-patched-solaris-x86 1.42-2 1449.90 NOTE
r-release-linux-x86_64 1.42-2 82.98 468.88 551.87 NOTE --no-tests
r-release-osx-x86_64-mavericks 1.42-2 NOTE
r-release-windows-ix86+x86_64 1.42-2 282.00 1435.00 1717.00 NOTE
r-oldrel-windows-ix86+x86_64 1.41-1 362.00 1453.00 1815.00 NOTE

Check Details

Version: 1.42-2
Flags: --no-tests
Check: installed package size
Result: NOTE
     installed size is 18.6Mb
     sub-directories of 1Mb or more:
     R 3.3Mb
     data 3.3Mb
     doc 4.7Mb
     help 4.4Mb
     libs 1.8Mb
Flavors: r-devel-linux-x86_64-debian-clang, r-devel-linux-x86_64-debian-gcc, r-patched-linux-x86_64, r-release-linux-x86_64

Version: 1.42-2
Check: installed package size
Result: NOTE
     installed size is 18.8Mb
     sub-directories of 1Mb or more:
     R 3.3Mb
     data 3.3Mb
     doc 4.7Mb
     help 4.4Mb
     libs 2.0Mb
Flavors: r-devel-linux-x86_64-fedora-clang, r-devel-linux-x86_64-fedora-gcc, r-devel-osx-x86_64-clang, r-devel-windows-ix86+x86_64, r-patched-solaris-sparc, r-patched-solaris-x86, r-release-osx-x86_64-mavericks, r-release-windows-ix86+x86_64

Version: 1.41-1
Check: installed package size
Result: NOTE
     installed size is 17.5Mb
     sub-directories of 1Mb or more:
     R 3.1Mb
     data 3.3Mb
     doc 4.7Mb
     help 4.3Mb
     libs 1.1Mb
Flavor: r-oldrel-windows-ix86+x86_64