Last updated on 2015-09-06 23:47:44.
Flavor | Version | Tinstall | Tcheck | Ttotal | Status | Flags |
---|---|---|---|---|---|---|
r-devel-linux-x86_64-debian-clang | 0.9-10 | 8.18 | 108.73 | 116.91 | OK | |
r-devel-linux-x86_64-debian-gcc | 0.9-10 | 7.57 | 108.17 | 115.74 | OK | |
r-devel-linux-x86_64-fedora-clang | 0.9-10 | 242.98 | OK | |||
r-devel-linux-x86_64-fedora-gcc | 0.9-10 | 233.53 | OK | |||
r-devel-osx-x86_64-clang | 0.9-10 | 181.96 | OK | |||
r-devel-windows-ix86+x86_64 | 0.9-10 | 21.00 | 225.00 | 246.00 | NOTE | |
r-patched-linux-x86_64 | 0.9-10 | 8.15 | 116.32 | 124.47 | OK | |
r-patched-solaris-sparc | 0.9-10 | 1592.40 | OK | |||
r-patched-solaris-x86 | 0.9-10 | 370.30 | OK | |||
r-release-linux-x86_64 | 0.9-10 | 8.19 | 113.16 | 121.35 | OK | |
r-release-osx-x86_64-mavericks | 0.9-10 | OK | ||||
r-release-windows-ix86+x86_64 | 0.9-10 | 33.00 | 176.00 | 209.00 | NOTE | |
r-oldrel-windows-ix86+x86_64 | 0.9-10 | 45.00 | 338.00 | 383.00 | OK |
Version: 0.9-10
Check: package dependencies
Result: NOTE
Package suggested but not available for checking: 'gpclib'
Flavors: r-devel-windows-ix86+x86_64, r-release-windows-ix86+x86_64