Last updated on 2015-09-06 23:47:44.
Flavor | Version | Tinstall | Tcheck | Ttotal | Status | Flags |
---|---|---|---|---|---|---|
r-devel-linux-x86_64-debian-clang | 0.3-5 | 2.34 | 64.60 | 66.94 | NOTE | |
r-devel-linux-x86_64-debian-gcc | 0.3-5 | 2.19 | 61.80 | 63.99 | NOTE | |
r-devel-linux-x86_64-fedora-clang | 0.3-5 | 134.92 | NOTE | |||
r-devel-linux-x86_64-fedora-gcc | 0.3-5 | 130.10 | NOTE | |||
r-devel-osx-x86_64-clang | 0.3-5 | 96.80 | NOTE | |||
r-devel-windows-ix86+x86_64 | 0.3-5 | 9.00 | 135.00 | 144.00 | NOTE | |
r-patched-linux-x86_64 | 0.3-5 | 2.49 | 66.29 | 68.78 | NOTE | |
r-patched-solaris-sparc | 0.3-5 | 788.00 | NOTE | |||
r-patched-solaris-x86 | 0.3-5 | 182.50 | NOTE | |||
r-release-linux-x86_64 | 0.3-5 | 2.41 | 64.40 | 66.82 | NOTE | |
r-release-osx-x86_64-mavericks | 0.3-5 | NOTE | ||||
r-release-windows-ix86+x86_64 | 0.3-5 | 15.00 | 97.00 | 112.00 | NOTE | |
r-oldrel-windows-ix86+x86_64 | 0.3-5 | 18.00 | 132.00 | 150.00 | NOTE |
Version: 0.3-5
Check: whether the namespace can be loaded with stated dependencies
Result: NOTE
Warning: no function found corresponding to methods exports from ‘spcosa’ for: ‘coerce’
A namespace must be able to be loaded with just the base namespace
loaded: otherwise if the namespace gets loaded by a saved object, the
session will be unable to start.
Probably some imports need to be declared in the NAMESPACE file.
Flavors: r-devel-linux-x86_64-debian-clang, r-devel-linux-x86_64-debian-gcc, r-devel-linux-x86_64-fedora-clang, r-devel-linux-x86_64-fedora-gcc, r-devel-osx-x86_64-clang, r-devel-windows-ix86+x86_64
Version: 0.3-5
Check: dependencies in R code
Result: NOTE
Packages in Depends field not imported from:
‘ggplot2’ ‘methods’
These packages need to be imported from (in the NAMESPACE file)
for when this namespace is loaded but not attached.
':::' call which should be '::': ‘utils:::packageDescription’
See the note in ?`:::` about the use of this operator.
Flavors: r-devel-linux-x86_64-debian-clang, r-devel-linux-x86_64-debian-gcc, r-devel-linux-x86_64-fedora-clang, r-devel-linux-x86_64-fedora-gcc, r-devel-osx-x86_64-clang, r-devel-windows-ix86+x86_64, r-patched-linux-x86_64, r-patched-solaris-sparc, r-patched-solaris-x86, r-release-linux-x86_64, r-release-osx-x86_64-mavericks, r-release-windows-ix86+x86_64, r-oldrel-windows-ix86+x86_64
Version: 0.3-5
Check: R code for possible problems
Result: NOTE
coerce,CompactStratification-SpatialPixels: no visible global function
definition for ‘gridded<-’
coerce,CompactStratification-SpatialPixels: no visible global function
definition for ‘as’
coerce,CompactStratification-SpatialPixelsDataFrame: no visible global
function definition for ‘SpatialPixelsDataFrame’
coerce,CompactStratification-SpatialPixelsDataFrame: no visible global
function definition for ‘as’
coerce,CompactStratification-data.frame: no visible global function
definition for ‘as’
coerce,SamplingPattern-data.frame: no visible global function
definition for ‘as’
coerce,SamplingPatternRandomComposite-SpatialPointsDataFrame: no
visible global function definition for ‘SpatialPointsDataFrame’
coerce,SamplingPatternRandomComposite-SpatialPointsDataFrame: no
visible global function definition for ‘as’
coerce,SamplingPatternRandomComposite-data.frame: no visible global
function definition for ‘as’
estimate,SamplingVariance-CompactStratification-SamplingPatternRandomSamplingUnits-data.frame
: <anonymous>: no visible binding for global variable ‘var’
estimate,SamplingVariance-CompactStratificationEqualArea-SamplingPatternRandomComposite-data.frame:
no visible binding for global variable ‘var’
estimate,StandardError-CompactStratification-SamplingPatternRandomSamplingUnits-data.frame:
no visible global function definition for ‘callNextMethod’
getCellSize,CompactStratification: no visible global function
definition for ‘as’
getCellSize,SpatialPixels: no visible global function definition for
‘getGridTopology’
getCellSize,SpatialPixels: no visible global function definition for
‘as’
getSampleSize,SamplingPattern: no visible global function definition
for ‘coordinates’
initialize,CompactStratification: no visible global function definition
for ‘coordinates’
initialize,CompactStratificationPriorPoints: no visible global function
definition for ‘callNextMethod’
plot,CompactStratification-SamplingPattern: no visible global function
definition for ‘coordinates’
plot,CompactStratification-SamplingPattern: no visible global function
definition for ‘as’
plot,CompactStratification-SamplingPattern: no visible global function
definition for ‘geom_point’
plot,CompactStratification-SamplingPattern: no visible global function
definition for ‘aes_string’
plot,CompactStratification-SamplingPatternPriorPoints: no visible
global function definition for ‘coordinates’
plot,CompactStratification-SamplingPatternPriorPoints: no visible
global function definition for ‘as’
plot,CompactStratification-SamplingPatternPriorPoints: no visible
global function definition for ‘geom_point’
plot,CompactStratification-SamplingPatternPriorPoints: no visible
global function definition for ‘aes_string’
plot,CompactStratification-SamplingPatternPriorPoints: no visible
global function definition for ‘theme’
plot,CompactStratification-SamplingPatternRandomComposite: no visible
global function definition for ‘coordinates’
plot,CompactStratification-SamplingPatternRandomComposite: no visible
global function definition for ‘as’
plot,CompactStratification-SamplingPatternRandomComposite: no visible
global function definition for ‘geom_point’
plot,CompactStratification-SamplingPatternRandomComposite: no visible
global function definition for ‘aes_string’
plot,CompactStratification-SamplingPatternRandomComposite: no visible
global function definition for ‘theme’
plot,CompactStratification-missing: no visible global function
definition for ‘as’
plot,CompactStratification-missing: no visible global function
definition for ‘getGridTopology’
plot,CompactStratification-missing: no visible global function
definition for ‘SpatialGridDataFrame’
plot,CompactStratification-missing: no visible global function
definition for ‘coordnames’
plot,CompactStratification-missing: no visible global function
definition for ‘coordinates’
plot,CompactStratification-missing: no visible global function
definition for ‘is’
plot,CompactStratification-missing: no visible global function
definition for ‘ggplot’
plot,CompactStratification-missing: no visible global function
definition for ‘geom_raster’
plot,CompactStratification-missing: no visible global function
definition for ‘aes_string’
plot,CompactStratification-missing: no visible global function
definition for ‘rgb’
plot,CompactStratification-missing: no visible global function
definition for ‘coord_fixed’
plot,CompactStratification-missing: no visible global function
definition for ‘scale_x_continuous’
plot,CompactStratification-missing: no visible global function
definition for ‘scale_y_continuous’
plot,CompactStratification-missing: no visible global function
definition for ‘geom_segment’
plot,CompactStratification-missing: no visible global function
definition for ‘theme’
plot,SamplingPattern-missing: no visible global function definition for
‘coordinates’
plot,SamplingPattern-missing: no visible global function definition for
‘as’
plot,SamplingPattern-missing: no visible global function definition for
‘is’
plot,SamplingPattern-missing: no visible global function definition for
‘ggplot’
plot,SamplingPattern-missing: no visible global function definition for
‘geom_point’
plot,SamplingPattern-missing: no visible global function definition for
‘aes_string’
plot,SamplingPattern-missing: no visible global function definition for
‘coord_fixed’
plot,SamplingPattern-missing: no visible global function definition for
‘scale_x_continuous’
plot,SamplingPattern-missing: no visible global function definition for
‘scale_y_continuous’
plot,SamplingPatternPriorPoints-missing: no visible global function
definition for ‘coordinates’
plot,SamplingPatternPriorPoints-missing: no visible global function
definition for ‘as’
plot,SamplingPatternPriorPoints-missing: no visible global function
definition for ‘is’
plot,SamplingPatternPriorPoints-missing: no visible global function
definition for ‘ggplot’
plot,SamplingPatternPriorPoints-missing: no visible global function
definition for ‘geom_point’
plot,SamplingPatternPriorPoints-missing: no visible global function
definition for ‘aes_string’
plot,SamplingPatternPriorPoints-missing: no visible global function
definition for ‘coord_fixed’
plot,SamplingPatternPriorPoints-missing: no visible global function
definition for ‘scale_x_continuous’
plot,SamplingPatternPriorPoints-missing: no visible global function
definition for ‘scale_y_continuous’
plot,SamplingPatternPriorPoints-missing: no visible global function
definition for ‘theme’
plot,SamplingPatternRandomComposite-missing: no visible global function
definition for ‘coordinates’
plot,SamplingPatternRandomComposite-missing: no visible global function
definition for ‘as’
plot,SamplingPatternRandomComposite-missing: no visible global function
definition for ‘is’
plot,SamplingPatternRandomComposite-missing: no visible global function
definition for ‘ggplot’
plot,SamplingPatternRandomComposite-missing: no visible global function
definition for ‘geom_point’
plot,SamplingPatternRandomComposite-missing: no visible global function
definition for ‘aes_string’
plot,SamplingPatternRandomComposite-missing: no visible global function
definition for ‘coord_fixed’
plot,SamplingPatternRandomComposite-missing: no visible global function
definition for ‘scale_x_continuous’
plot,SamplingPatternRandomComposite-missing: no visible global function
definition for ‘scale_y_continuous’
spsample,CompactStratification-missing-missing: no visible global
function definition for ‘coordinates’
spsample,CompactStratification-missing-missing: no visible global
function definition for ‘%over%’
spsample,CompactStratification-missing-missing: no visible global
function definition for ‘geometry’
spsample,CompactStratification-missing-missing: no visible global
function definition for ‘coordinates<-’
spsample,CompactStratification-numeric-missing: no visible global
function definition for ‘coordinates’
spsample,CompactStratification-numeric-missing: no visible global
function definition for ‘runif’
spsample,CompactStratification-numeric-missing: no visible global
function definition for ‘SpatialPoints’
spsample,CompactStratificationEqualArea-numeric-character: no visible
global function definition for ‘as’
spsample,CompactStratificationPriorPoints-missing-missing: no visible
global function definition for ‘coordinates’
spsample,CompactStratificationPriorPoints-missing-missing: no visible
global function definition for ‘SpatialPoints’
spsample,CompactStratificationPriorPoints-missing-missing: no visible
global function definition for ‘as’
stratify,SpatialGrid: no visible global function definition for ‘as’
stratify,SpatialPixels: no visible global function definition for ‘is’
stratify,SpatialPixels: no visible global function definition for
‘coordinates’
stratify,SpatialPixels: no visible global function definition for
‘proj4string’
stratify,SpatialPixels: no visible global function definition for ‘CRS’
stratify,SpatialPixels: no visible global function definition for
‘spTransform’
stratify,SpatialPixels: no visible global function definition for
‘gridded<-’
stratify,SpatialPixels: no visible global function definition for
‘%over%’
stratify,SpatialPixels: no visible global function definition for
‘geometry’
stratify,SpatialPixels: no visible global function definition for ‘as’
stratify,SpatialPixels: no visible global function definition for
‘coordinates<-’
stratify,SpatialPixels: no visible global function definition for
‘proj4string<-’
stratify,SpatialPolygons: no visible global function definition for
‘gridded<-’
Undefined global functions or variables:
%over% CRS SpatialGridDataFrame SpatialPixelsDataFrame SpatialPoints
SpatialPointsDataFrame aes_string as callNextMethod coord_fixed
coordinates coordinates<- coordnames geom_point geom_raster
geom_segment geometry getGridTopology ggplot gridded<- is proj4string
proj4string<- rgb runif scale_x_continuous scale_y_continuous
spTransform theme var
Consider adding
importFrom("grDevices", "rgb")
importFrom("methods", "as", "callNextMethod", "is")
importFrom("stats", "runif", "var")
to your NAMESPACE (and ensure that your DESCRIPTION Imports field
contains 'methods').
Flavors: r-devel-linux-x86_64-debian-clang, r-devel-linux-x86_64-debian-gcc, r-devel-linux-x86_64-fedora-clang, r-devel-linux-x86_64-fedora-gcc, r-devel-windows-ix86+x86_64
Version: 0.3-5
Check: R code for possible problems
Result: NOTE
coerce,CompactStratification-SpatialPixels: no visible global function
definition for ‘gridded<-’
coerce,CompactStratification-SpatialPixelsDataFrame: no visible global
function definition for ‘SpatialPixelsDataFrame’
coerce,SamplingPatternRandomComposite-SpatialPointsDataFrame: no
visible global function definition for ‘SpatialPointsDataFrame’
getCellSize,SpatialPixels: no visible global function definition for
‘getGridTopology’
getSampleSize,SamplingPattern: no visible global function definition
for ‘coordinates’
initialize,CompactStratification: no visible global function definition
for ‘coordinates’
plot,CompactStratification-SamplingPattern: no visible global function
definition for ‘coordinates’
plot,CompactStratification-SamplingPattern: no visible global function
definition for ‘geom_point’
plot,CompactStratification-SamplingPattern: no visible global function
definition for ‘aes_string’
plot,CompactStratification-SamplingPatternPriorPoints: no visible
global function definition for ‘coordinates’
plot,CompactStratification-SamplingPatternPriorPoints: no visible
global function definition for ‘geom_point’
plot,CompactStratification-SamplingPatternPriorPoints: no visible
global function definition for ‘aes_string’
plot,CompactStratification-SamplingPatternPriorPoints: no visible
global function definition for ‘theme’
plot,CompactStratification-SamplingPatternRandomComposite: no visible
global function definition for ‘coordinates’
plot,CompactStratification-SamplingPatternRandomComposite: no visible
global function definition for ‘geom_point’
plot,CompactStratification-SamplingPatternRandomComposite: no visible
global function definition for ‘aes_string’
plot,CompactStratification-SamplingPatternRandomComposite: no visible
global function definition for ‘theme’
plot,CompactStratification-missing: no visible global function
definition for ‘getGridTopology’
plot,CompactStratification-missing: no visible global function
definition for ‘SpatialGridDataFrame’
plot,CompactStratification-missing: no visible global function
definition for ‘coordnames’
plot,CompactStratification-missing: no visible global function
definition for ‘coordinates’
plot,CompactStratification-missing: no visible global function
definition for ‘ggplot’
plot,CompactStratification-missing: no visible global function
definition for ‘geom_raster’
plot,CompactStratification-missing: no visible global function
definition for ‘aes_string’
plot,CompactStratification-missing: no visible global function
definition for ‘coord_fixed’
plot,CompactStratification-missing: no visible global function
definition for ‘scale_x_continuous’
plot,CompactStratification-missing: no visible global function
definition for ‘scale_y_continuous’
plot,CompactStratification-missing: no visible global function
definition for ‘geom_segment’
plot,CompactStratification-missing: no visible global function
definition for ‘theme’
plot,SamplingPattern-missing: no visible global function definition for
‘coordinates’
plot,SamplingPattern-missing: no visible global function definition for
‘ggplot’
plot,SamplingPattern-missing: no visible global function definition for
‘geom_point’
plot,SamplingPattern-missing: no visible global function definition for
‘aes_string’
plot,SamplingPattern-missing: no visible global function definition for
‘coord_fixed’
plot,SamplingPattern-missing: no visible global function definition for
‘scale_x_continuous’
plot,SamplingPattern-missing: no visible global function definition for
‘scale_y_continuous’
plot,SamplingPatternPriorPoints-missing: no visible global function
definition for ‘coordinates’
plot,SamplingPatternPriorPoints-missing: no visible global function
definition for ‘ggplot’
plot,SamplingPatternPriorPoints-missing: no visible global function
definition for ‘geom_point’
plot,SamplingPatternPriorPoints-missing: no visible global function
definition for ‘aes_string’
plot,SamplingPatternPriorPoints-missing: no visible global function
definition for ‘coord_fixed’
plot,SamplingPatternPriorPoints-missing: no visible global function
definition for ‘scale_x_continuous’
plot,SamplingPatternPriorPoints-missing: no visible global function
definition for ‘scale_y_continuous’
plot,SamplingPatternPriorPoints-missing: no visible global function
definition for ‘theme’
plot,SamplingPatternRandomComposite-missing: no visible global function
definition for ‘coordinates’
plot,SamplingPatternRandomComposite-missing: no visible global function
definition for ‘ggplot’
plot,SamplingPatternRandomComposite-missing: no visible global function
definition for ‘geom_point’
plot,SamplingPatternRandomComposite-missing: no visible global function
definition for ‘aes_string’
plot,SamplingPatternRandomComposite-missing: no visible global function
definition for ‘coord_fixed’
plot,SamplingPatternRandomComposite-missing: no visible global function
definition for ‘scale_x_continuous’
plot,SamplingPatternRandomComposite-missing: no visible global function
definition for ‘scale_y_continuous’
spsample,CompactStratification-missing-missing: no visible global
function definition for ‘coordinates’
spsample,CompactStratification-missing-missing: no visible global
function definition for ‘%over%’
spsample,CompactStratification-missing-missing: no visible global
function definition for ‘geometry’
spsample,CompactStratification-missing-missing: no visible global
function definition for ‘coordinates<-’
spsample,CompactStratification-numeric-missing: no visible global
function definition for ‘coordinates’
spsample,CompactStratification-numeric-missing: no visible global
function definition for ‘SpatialPoints’
spsample,CompactStratificationPriorPoints-missing-missing: no visible
global function definition for ‘coordinates’
spsample,CompactStratificationPriorPoints-missing-missing: no visible
global function definition for ‘SpatialPoints’
stratify,SpatialPixels: no visible global function definition for
‘coordinates’
stratify,SpatialPixels: no visible global function definition for
‘proj4string’
stratify,SpatialPixels: no visible global function definition for ‘CRS’
stratify,SpatialPixels: no visible global function definition for
‘spTransform’
stratify,SpatialPixels: no visible global function definition for
‘gridded<-’
stratify,SpatialPixels: no visible global function definition for
‘%over%’
stratify,SpatialPixels: no visible global function definition for
‘geometry’
stratify,SpatialPixels: no visible global function definition for
‘coordinates<-’
stratify,SpatialPixels: no visible global function definition for
‘proj4string<-’
stratify,SpatialPolygons: no visible global function definition for
‘gridded<-’
Undefined global functions or variables:
%over% CRS SpatialGridDataFrame SpatialPixelsDataFrame SpatialPoints
SpatialPointsDataFrame aes_string coord_fixed coordinates
coordinates<- coordnames geom_point geom_raster geom_segment geometry
getGridTopology ggplot gridded<- proj4string proj4string<-
scale_x_continuous scale_y_continuous spTransform theme
Flavor: r-devel-osx-x86_64-clang
Version: 0.3-5
Check: R code for possible problems
Result: NOTE
coerce,CompactStratification-SpatialPixels: no visible global function
definition for ‘gridded<-’
coerce,CompactStratification-SpatialPixelsDataFrame: no visible global
function definition for ‘SpatialPixelsDataFrame’
coerce,SamplingPatternRandomComposite-SpatialPointsDataFrame: no
visible global function definition for ‘SpatialPointsDataFrame’
getCellSize,SpatialPixels : .local: no visible global function
definition for ‘getGridTopology’
getSampleSize,SamplingPattern : .local: no visible global function
definition for ‘coordinates’
initialize,CompactStratification : .local: no visible global function
definition for ‘coordinates’
plot,CompactStratification-SamplingPattern: no visible global function
definition for ‘coordinates’
plot,CompactStratification-SamplingPattern: no visible global function
definition for ‘geom_point’
plot,CompactStratification-SamplingPattern: no visible global function
definition for ‘aes_string’
plot,CompactStratification-SamplingPatternPriorPoints: no visible
global function definition for ‘coordinates’
plot,CompactStratification-SamplingPatternPriorPoints: no visible
global function definition for ‘geom_point’
plot,CompactStratification-SamplingPatternPriorPoints: no visible
global function definition for ‘aes_string’
plot,CompactStratification-SamplingPatternPriorPoints: no visible
global function definition for ‘theme’
plot,CompactStratification-SamplingPatternRandomComposite: no visible
global function definition for ‘coordinates’
plot,CompactStratification-SamplingPatternRandomComposite: no visible
global function definition for ‘geom_point’
plot,CompactStratification-SamplingPatternRandomComposite: no visible
global function definition for ‘aes_string’
plot,CompactStratification-SamplingPatternRandomComposite: no visible
global function definition for ‘theme’
plot,CompactStratification-missing: no visible global function
definition for ‘getGridTopology’
plot,CompactStratification-missing: no visible global function
definition for ‘SpatialGridDataFrame’
plot,CompactStratification-missing: no visible global function
definition for ‘coordnames’
plot,CompactStratification-missing: no visible global function
definition for ‘coordinates’
plot,CompactStratification-missing: no visible global function
definition for ‘ggplot’
plot,CompactStratification-missing: no visible global function
definition for ‘geom_raster’
plot,CompactStratification-missing: no visible global function
definition for ‘aes_string’
plot,CompactStratification-missing: no visible global function
definition for ‘coord_fixed’
plot,CompactStratification-missing: no visible global function
definition for ‘scale_x_continuous’
plot,CompactStratification-missing: no visible global function
definition for ‘scale_y_continuous’
plot,CompactStratification-missing: no visible global function
definition for ‘geom_segment’
plot,CompactStratification-missing: no visible global function
definition for ‘theme’
plot,SamplingPattern-missing: no visible global function definition for
‘coordinates’
plot,SamplingPattern-missing: no visible global function definition for
‘ggplot’
plot,SamplingPattern-missing: no visible global function definition for
‘geom_point’
plot,SamplingPattern-missing: no visible global function definition for
‘aes_string’
plot,SamplingPattern-missing: no visible global function definition for
‘coord_fixed’
plot,SamplingPattern-missing: no visible global function definition for
‘scale_x_continuous’
plot,SamplingPattern-missing: no visible global function definition for
‘scale_y_continuous’
plot,SamplingPatternPriorPoints-missing: no visible global function
definition for ‘coordinates’
plot,SamplingPatternPriorPoints-missing: no visible global function
definition for ‘ggplot’
plot,SamplingPatternPriorPoints-missing: no visible global function
definition for ‘geom_point’
plot,SamplingPatternPriorPoints-missing: no visible global function
definition for ‘aes_string’
plot,SamplingPatternPriorPoints-missing: no visible global function
definition for ‘coord_fixed’
plot,SamplingPatternPriorPoints-missing: no visible global function
definition for ‘scale_x_continuous’
plot,SamplingPatternPriorPoints-missing: no visible global function
definition for ‘scale_y_continuous’
plot,SamplingPatternPriorPoints-missing: no visible global function
definition for ‘theme’
plot,SamplingPatternRandomComposite-missing: no visible global function
definition for ‘coordinates’
plot,SamplingPatternRandomComposite-missing: no visible global function
definition for ‘ggplot’
plot,SamplingPatternRandomComposite-missing: no visible global function
definition for ‘geom_point’
plot,SamplingPatternRandomComposite-missing: no visible global function
definition for ‘aes_string’
plot,SamplingPatternRandomComposite-missing: no visible global function
definition for ‘coord_fixed’
plot,SamplingPatternRandomComposite-missing: no visible global function
definition for ‘scale_x_continuous’
plot,SamplingPatternRandomComposite-missing: no visible global function
definition for ‘scale_y_continuous’
spsample,CompactStratification-missing-missing: no visible global
function definition for ‘coordinates’
spsample,CompactStratification-missing-missing: no visible global
function definition for ‘%over%’
spsample,CompactStratification-missing-missing: no visible global
function definition for ‘geometry’
spsample,CompactStratification-missing-missing: no visible global
function definition for ‘coordinates<-’
spsample,CompactStratification-numeric-missing: no visible global
function definition for ‘coordinates’
spsample,CompactStratification-numeric-missing: no visible global
function definition for ‘SpatialPoints’
spsample,CompactStratificationPriorPoints-missing-missing: no visible
global function definition for ‘coordinates’
spsample,CompactStratificationPriorPoints-missing-missing: no visible
global function definition for ‘SpatialPoints’
stratify,SpatialPixels : .local: no visible global function definition
for ‘coordinates’
stratify,SpatialPixels : .local: no visible global function definition
for ‘proj4string’
stratify,SpatialPixels : .local: no visible global function definition
for ‘CRS’
stratify,SpatialPixels : .local: no visible global function definition
for ‘spTransform’
stratify,SpatialPixels : .local: no visible global function definition
for ‘gridded<-’
stratify,SpatialPixels : .local: no visible global function definition
for ‘%over%’
stratify,SpatialPixels : .local: no visible global function definition
for ‘geometry’
stratify,SpatialPixels : .local: no visible global function definition
for ‘coordinates<-’
stratify,SpatialPixels : .local: no visible global function definition
for ‘proj4string<-’
stratify,SpatialPolygons : .local: no visible global function
definition for ‘gridded<-’
Flavors: r-patched-linux-x86_64, r-patched-solaris-sparc, r-patched-solaris-x86, r-release-linux-x86_64, r-release-windows-ix86+x86_64, r-oldrel-windows-ix86+x86_64
Version: 0.3-5
Check: package dependencies
Result: NOTE
Packages suggested but not available for checking: ‘gstat’ ‘rgdal’
Flavor: r-release-osx-x86_64-mavericks
Version: 0.3-5
Check: R code for possible problems
Result: NOTE
coerce,CompactStratification-SpatialPixels: no visible global function
definition for ‘gridded<-’
coerce,CompactStratification-SpatialPixelsDataFrame: no visible global
function definition for ‘SpatialPixelsDataFrame’
coerce,SamplingPatternRandomComposite-SpatialPointsDataFrame: no
visible global function definition for ‘SpatialPointsDataFrame’
plot,CompactStratification-SamplingPattern: no visible global function
definition for ‘coordinates’
plot,CompactStratification-SamplingPattern: no visible global function
definition for ‘geom_point’
plot,CompactStratification-SamplingPattern: no visible global function
definition for ‘aes_string’
plot,CompactStratification-SamplingPatternPriorPoints: no visible
global function definition for ‘coordinates’
plot,CompactStratification-SamplingPatternPriorPoints: no visible
global function definition for ‘geom_point’
plot,CompactStratification-SamplingPatternPriorPoints: no visible
global function definition for ‘aes_string’
plot,CompactStratification-SamplingPatternPriorPoints: no visible
global function definition for ‘theme’
plot,CompactStratification-SamplingPatternRandomComposite: no visible
global function definition for ‘coordinates’
plot,CompactStratification-SamplingPatternRandomComposite: no visible
global function definition for ‘geom_point’
plot,CompactStratification-SamplingPatternRandomComposite: no visible
global function definition for ‘aes_string’
plot,CompactStratification-SamplingPatternRandomComposite: no visible
global function definition for ‘theme’
plot,CompactStratification-missing: no visible global function
definition for ‘getGridTopology’
plot,CompactStratification-missing: no visible global function
definition for ‘SpatialGridDataFrame’
plot,CompactStratification-missing: no visible global function
definition for ‘coordnames’
plot,CompactStratification-missing: no visible global function
definition for ‘coordinates’
plot,CompactStratification-missing: no visible global function
definition for ‘ggplot’
plot,CompactStratification-missing: no visible global function
definition for ‘geom_raster’
plot,CompactStratification-missing: no visible global function
definition for ‘aes_string’
plot,CompactStratification-missing: no visible global function
definition for ‘coord_fixed’
plot,CompactStratification-missing: no visible global function
definition for ‘scale_x_continuous’
plot,CompactStratification-missing: no visible global function
definition for ‘scale_y_continuous’
plot,CompactStratification-missing: no visible global function
definition for ‘geom_segment’
plot,CompactStratification-missing: no visible global function
definition for ‘theme’
plot,SamplingPattern-missing: no visible global function definition for
‘coordinates’
plot,SamplingPattern-missing: no visible global function definition for
‘ggplot’
plot,SamplingPattern-missing: no visible global function definition for
‘geom_point’
plot,SamplingPattern-missing: no visible global function definition for
‘aes_string’
plot,SamplingPattern-missing: no visible global function definition for
‘coord_fixed’
plot,SamplingPattern-missing: no visible global function definition for
‘scale_x_continuous’
plot,SamplingPattern-missing: no visible global function definition for
‘scale_y_continuous’
plot,SamplingPatternPriorPoints-missing: no visible global function
definition for ‘coordinates’
plot,SamplingPatternPriorPoints-missing: no visible global function
definition for ‘ggplot’
plot,SamplingPatternPriorPoints-missing: no visible global function
definition for ‘geom_point’
plot,SamplingPatternPriorPoints-missing: no visible global function
definition for ‘aes_string’
plot,SamplingPatternPriorPoints-missing: no visible global function
definition for ‘coord_fixed’
plot,SamplingPatternPriorPoints-missing: no visible global function
definition for ‘scale_x_continuous’
plot,SamplingPatternPriorPoints-missing: no visible global function
definition for ‘scale_y_continuous’
plot,SamplingPatternPriorPoints-missing: no visible global function
definition for ‘theme’
plot,SamplingPatternRandomComposite-missing: no visible global function
definition for ‘coordinates’
plot,SamplingPatternRandomComposite-missing: no visible global function
definition for ‘ggplot’
plot,SamplingPatternRandomComposite-missing: no visible global function
definition for ‘geom_point’
plot,SamplingPatternRandomComposite-missing: no visible global function
definition for ‘aes_string’
plot,SamplingPatternRandomComposite-missing: no visible global function
definition for ‘coord_fixed’
plot,SamplingPatternRandomComposite-missing: no visible global function
definition for ‘scale_x_continuous’
plot,SamplingPatternRandomComposite-missing: no visible global function
definition for ‘scale_y_continuous’
spsample,CompactStratification-missing-missing: no visible global
function definition for ‘coordinates’
spsample,CompactStratification-missing-missing: no visible global
function definition for ‘%over%’
spsample,CompactStratification-missing-missing: no visible global
function definition for ‘geometry’
spsample,CompactStratification-missing-missing: no visible global
function definition for ‘coordinates<-’
spsample,CompactStratification-numeric-missing: no visible global
function definition for ‘coordinates’
spsample,CompactStratification-numeric-missing: no visible global
function definition for ‘SpatialPoints’
spsample,CompactStratificationPriorPoints-missing-missing: no visible
global function definition for ‘coordinates’
spsample,CompactStratificationPriorPoints-missing-missing: no visible
global function definition for ‘SpatialPoints’
Flavor: r-release-osx-x86_64-mavericks