CRAN Package Check Results for Package sptm

Last updated on 2015-09-06 23:47:44.

Flavor Version Tinstall Tcheck Ttotal Status Flags
r-devel-linux-x86_64-debian-clang 14.10-11 1.20 19.82 21.02 NOTE
r-devel-linux-x86_64-debian-gcc 14.10-11 1.10 19.67 20.77 NOTE
r-devel-linux-x86_64-fedora-clang 14.10-11 41.01 NOTE
r-devel-linux-x86_64-fedora-gcc 14.10-11 38.88 NOTE
r-devel-osx-x86_64-clang 14.10-11 36.66 NOTE
r-devel-windows-ix86+x86_64 14.10-11 8.00 81.00 89.00 NOTE
r-patched-linux-x86_64 14.10-11 1.21 20.25 21.46 NOTE
r-patched-solaris-sparc 14.10-11 267.90 NOTE
r-patched-solaris-x86 14.10-11 59.10 NOTE
r-release-linux-x86_64 14.10-11 1.24 21.25 22.49 NOTE
r-release-osx-x86_64-mavericks 14.10-11 NOTE
r-release-windows-ix86+x86_64 14.10-11 11.00 57.00 68.00 NOTE
r-oldrel-windows-ix86+x86_64 14.10-11 12.00 90.00 102.00 OK

Check Details

Version: 14.10-11
Check: DESCRIPTION meta-information
Result: NOTE
    Malformed Description field: should contain one or more complete sentences.
Flavors: r-devel-linux-x86_64-debian-clang, r-devel-linux-x86_64-debian-gcc, r-devel-linux-x86_64-fedora-clang, r-devel-linux-x86_64-fedora-gcc, r-devel-osx-x86_64-clang, r-devel-windows-ix86+x86_64, r-patched-linux-x86_64, r-patched-solaris-sparc, r-patched-solaris-x86, r-release-linux-x86_64, r-release-osx-x86_64-mavericks, r-release-windows-ix86+x86_64

Version: 14.10-11
Check: R code for possible problems
Result: NOTE
    Breslow.Thomas: no visible global function definition for ‘predict’
    Breslow.Thomas: no visible global function definition for ‘resid’
    Breslow.Thomas2: no visible global function definition for ‘predict’
    Breslow.Thomas2: no visible global function definition for ‘as.formula’
    Breslow.Thomas2: no visible global function definition for ‘resid’
    enhanced.ipw.coxph: no visible global function definition for ‘predict’
    enhanced.ipw.coxph: no visible global function definition for
     ‘as.formula’
    enhanced.ipw.coxph: no visible global function definition for ‘resid’
    last: no visible global function definition for ‘tail’
    myprint.default: no visible global function definition for ‘is’
    rep.data.frame: no visible binding for global variable ‘time’
    rstm: no visible global function definition for ‘runif’
    sim.fine: no visible global function definition for ‘runif’
    sim.fine: no visible global function definition for ‘rbinom’
    sim.fong: no visible global function definition for ‘runif’
    sim.fong: no visible global function definition for ‘rbinom’
    sim.kong: no visible global function definition for ‘runif’
    sim.kong: no visible global function definition for ‘rbinom’
    sim.kong: no visible binding for global variable ‘family’
    sim.kong: no visible global function definition for ‘rnorm’
    sim.kong: no visible global function definition for ‘lm’
    sim.kong: no visible global function definition for ‘predict’
    sim.kong1: no visible global function definition for ‘rbinom’
    sim.kong1: no visible global function definition for ‘plot’
    sim.kong1: no visible global function definition for ‘abline’
    sim.kong1: no visible global function definition for ‘lm’
    sim.kong1: no visible global function definition for ‘runif’
    sim.kong1: no visible global function definition for ‘predict’
    sim.kong1: no visible global function definition for ‘lines’
    sim.kong1: no visible global function definition for ‘lowess’
    sim.kong1: no visible global function definition for ‘dev.off’
    sim.qin: no visible global function definition for ‘runif’
    stm: no visible global function definition for ‘terms’
    stm: no visible global function definition for ‘complete.cases’
    stm: no visible global function definition for ‘coef’
    stm: no visible global function definition for ‘predict’
    stm: no visible global function definition for ‘ave’
    stm: no visible global function definition for ‘model.frame’
    stm: no visible global function definition for ‘optim’
    stm: no visible global function definition for ‘str’
    stm.deprecated: no visible global function definition for ‘terms’
    stm.deprecated: no visible global function definition for
     ‘complete.cases’
    stm.deprecated: no visible global function definition for
     ‘model.matrix’
    stm.deprecated: no visible global function definition for ‘quantile’
    stm.deprecated: no visible global function definition for ‘optim’
    stm.deprecated: no visible global function definition for ‘str’
    stm.internal: no visible global function definition for ‘ave’
    stm.internal: no visible global function definition for ‘model.frame’
    stm.internal: no visible global function definition for ‘as.formula’
    stm.internal: no visible global function definition for ‘model.matrix’
    stm.internal : calc: no visible global function definition for ‘cov’
    stm.internal: no visible global function definition for ‘optim’
    Undefined global functions or variables:
     abline as.formula ave coef complete.cases cov dev.off family is lines
     lm lowess model.frame model.matrix optim plot predict quantile rbinom
     resid rnorm runif str tail terms time
    Consider adding
     importFrom("grDevices", "dev.off")
     importFrom("graphics", "abline", "lines", "plot")
     importFrom("methods", "is")
     importFrom("stats", "as.formula", "ave", "coef", "complete.cases",
     "cov", "family", "lm", "lowess", "model.frame",
     "model.matrix", "optim", "predict", "quantile", "rbinom",
     "resid", "rnorm", "runif", "terms", "time")
     importFrom("utils", "str", "tail")
    to your NAMESPACE (and ensure that your DESCRIPTION Imports field
    contains 'methods').
Flavors: r-devel-linux-x86_64-debian-clang, r-devel-linux-x86_64-debian-gcc, r-devel-linux-x86_64-fedora-clang, r-devel-linux-x86_64-fedora-gcc, r-devel-windows-ix86+x86_64