Last updated on 2015-09-06 23:47:44.
Flavor | Version | Tinstall | Tcheck | Ttotal | Status | Flags |
---|---|---|---|---|---|---|
r-devel-linux-x86_64-debian-clang | 0.2.1 | 0.76 | 13.18 | 13.95 | NOTE | |
r-devel-linux-x86_64-debian-gcc | 0.2.1 | 0.88 | 13.12 | 14.00 | NOTE | |
r-devel-linux-x86_64-fedora-clang | 0.2.1 | 28.88 | NOTE | |||
r-devel-linux-x86_64-fedora-gcc | 0.2.1 | 26.15 | NOTE | |||
r-devel-osx-x86_64-clang | 0.2.1 | 23.76 | NOTE | |||
r-devel-windows-ix86+x86_64 | 0.2.1 | 4.00 | 39.00 | 43.00 | NOTE | |
r-patched-linux-x86_64 | 0.2.1 | 0.90 | 14.06 | 14.96 | NOTE | |
r-patched-solaris-sparc | 0.2.1 | 178.80 | NOTE | |||
r-patched-solaris-x86 | 0.2.1 | 44.70 | NOTE | |||
r-release-linux-x86_64 | 0.2.1 | 0.99 | 14.12 | 15.11 | NOTE | |
r-release-osx-x86_64-mavericks | 0.2.1 | NOTE | ||||
r-release-windows-ix86+x86_64 | 0.2.1 | 7.00 | 26.00 | 33.00 | NOTE | |
r-oldrel-windows-ix86+x86_64 | 0.2.1 | 6.00 | 31.00 | 37.00 | NOTE |
Version: 0.2.1
Check: dependencies in R code
Result: NOTE
'library' or 'require' call to ‘ROAuth’ in package code.
Please use :: or requireNamespace() instead.
See section 'Suggested packages' in the 'Writing R Extensions' manual.
Flavors: r-devel-linux-x86_64-debian-clang, r-devel-linux-x86_64-debian-gcc, r-devel-linux-x86_64-fedora-clang, r-devel-linux-x86_64-fedora-gcc, r-devel-osx-x86_64-clang, r-devel-windows-ix86+x86_64, r-patched-linux-x86_64, r-patched-solaris-sparc, r-patched-solaris-x86, r-release-linux-x86_64, r-release-osx-x86_64-mavericks, r-release-windows-ix86+x86_64, r-oldrel-windows-ix86+x86_64