Last updated on 2015-09-06 23:47:44.
Flavor | Version | Tinstall | Tcheck | Ttotal | Status | Flags |
---|---|---|---|---|---|---|
r-devel-linux-x86_64-debian-clang | 1.1.1 | 1.98 | 42.05 | 44.03 | NOTE | |
r-devel-linux-x86_64-debian-gcc | 1.1.1 | 1.98 | 40.72 | 42.69 | NOTE | |
r-devel-linux-x86_64-fedora-clang | 1.1.1 | 89.54 | NOTE | |||
r-devel-linux-x86_64-fedora-gcc | 1.1.1 | 85.24 | NOTE | |||
r-devel-osx-x86_64-clang | 1.1.1 | 62.38 | NOTE | |||
r-devel-windows-ix86+x86_64 | 1.1.1 | 6.00 | 137.00 | 143.00 | NOTE | |
r-patched-linux-x86_64 | 1.1.1 | 2.12 | 43.78 | 45.91 | NOTE | |
r-patched-solaris-sparc | 1.1.1 | 585.30 | NOTE | |||
r-patched-solaris-x86 | 1.1.1 | 139.30 | NOTE | |||
r-release-linux-x86_64 | 1.1.1 | 2.12 | 43.63 | 45.74 | NOTE | |
r-release-osx-x86_64-mavericks | 1.1.1 | NOTE | ||||
r-release-windows-ix86+x86_64 | 1.1.1 | 11.00 | 66.00 | 77.00 | NOTE | |
r-oldrel-windows-ix86+x86_64 | 1.1.1 | 33.00 | 114.00 | 147.00 | NOTE |
Version: 1.1.1
Check: R code for possible problems
Result: NOTE
PlotHypTree: no visible global function definition for ‘browseURL’
treePValues: no visible global function definition for ‘lm’
treePValues: no visible global function definition for ‘pf’
plot,GBH-ANY: no visible binding for global variable ‘sorted.hyp’
plot,GBH-ANY: no visible binding for global variable ‘pval’
plot,GBH-ANY: no visible binding for global variable ‘group’
plot,GBH-ANY: no visible binding for global variable ‘type’
Undefined global functions or variables:
browseURL group lm pf pval sorted.hyp type
Consider adding
importFrom("stats", "lm", "pf")
importFrom("utils", "browseURL")
to your NAMESPACE.
Flavors: r-devel-linux-x86_64-debian-clang, r-devel-linux-x86_64-debian-gcc, r-devel-linux-x86_64-fedora-clang, r-devel-linux-x86_64-fedora-gcc, r-devel-windows-ix86+x86_64
Version: 1.1.1
Check: R code for possible problems
Result: NOTE
plot,GBH-ANY: no visible binding for global variable ‘sorted.hyp’
plot,GBH-ANY: no visible binding for global variable ‘pval’
plot,GBH-ANY: no visible binding for global variable ‘group’
plot,GBH-ANY: no visible binding for global variable ‘type’
Undefined global functions or variables:
group pval sorted.hyp type
Flavor: r-devel-osx-x86_64-clang
Version: 1.1.1
Check: R code for possible problems
Result: NOTE
plot,GBH-ANY : .local: no visible binding for global variable
‘sorted.hyp’
plot,GBH-ANY : .local: no visible binding for global variable ‘pval’
plot,GBH-ANY : .local: no visible binding for global variable ‘group’
plot,GBH-ANY : .local: no visible binding for global variable ‘type’
Flavors: r-patched-linux-x86_64, r-patched-solaris-sparc, r-patched-solaris-x86, r-release-linux-x86_64, r-release-windows-ix86+x86_64, r-oldrel-windows-ix86+x86_64
Version: 1.1.1
Check: package dependencies
Result: NOTE
Package suggested but not available for checking: ‘phyloseq’
Flavor: r-release-osx-x86_64-mavericks
Version: 1.1.1
Check: data for non-ASCII characters
Result: NOTE
Error in .requirePackage(package) :
unable to find required package 'phyloseq'
Calls: <Anonymous> ... .extendsForS3 -> extends -> getClassDef -> .requirePackage
Execution halted
Flavor: r-release-osx-x86_64-mavericks