CRAN Package Check Results for Package sybilccFBA

Last updated on 2015-09-06 23:47:45.

Flavor Version Tinstall Tcheck Ttotal Status Flags
r-devel-linux-x86_64-debian-clang 2.0.0 3.34 37.54 40.88 NOTE
r-devel-linux-x86_64-debian-gcc 2.0.0 3.24 36.46 39.70 NOTE
r-devel-linux-x86_64-fedora-clang 2.0.0 89.27 NOTE
r-devel-linux-x86_64-fedora-gcc 2.0.0 85.70 NOTE
r-devel-osx-x86_64-clang 2.0.0 67.12 NOTE
r-devel-windows-ix86+x86_64 2.0.0 10.00 80.00 90.00 NOTE
r-patched-linux-x86_64 2.0.0 3.57 39.71 43.28 OK
r-patched-solaris-sparc 2.0.0 550.00 NOTE
r-patched-solaris-x86 2.0.0 127.30 NOTE
r-release-linux-x86_64 2.0.0 3.53 39.36 42.89 OK
r-release-osx-x86_64-mavericks 2.0.0 NOTE
r-release-windows-ix86+x86_64 2.0.0 12.00 60.00 72.00 NOTE
r-oldrel-windows-ix86+x86_64 2.0.0 16.00 66.00 82.00 NOTE

Check Details

Version: 2.0.0
Check: R code for possible problems
Result: NOTE
    calc_MW: no visible global function definition for ‘read.table’
    cfba_moment: no visible global function definition for ‘median’
    cfba_moment: no visible global function definition for ‘write.csv’
    cfba_moment_mr: no visible global function definition for ‘median’
    cfba_moment_mr: no visible global function definition for ‘write.csv’
    cfba_moment_pw: no visible global function definition for ‘median’
    cfba_moment_pw: no visible global function definition for ‘write.csv’
    readmodel: no visible global function definition for ‘as’
    Undefined global functions or variables:
     as median read.table write.csv
    Consider adding
     importFrom("methods", "as")
     importFrom("stats", "median")
     importFrom("utils", "read.table", "write.csv")
    to your NAMESPACE (and ensure that your DESCRIPTION Imports field
    contains 'methods').
Flavors: r-devel-linux-x86_64-debian-clang, r-devel-linux-x86_64-debian-gcc, r-devel-linux-x86_64-fedora-clang, r-devel-linux-x86_64-fedora-gcc, r-devel-windows-ix86+x86_64

Version: 2.0.0
Check: package dependencies
Result: NOTE
    Package suggested but not available for checking: ‘cplexAPI’
Flavors: r-devel-linux-x86_64-fedora-clang, r-devel-linux-x86_64-fedora-gcc, r-devel-osx-x86_64-clang, r-devel-windows-ix86+x86_64, r-patched-solaris-sparc, r-patched-solaris-x86, r-release-windows-ix86+x86_64, r-oldrel-windows-ix86+x86_64

Version: 2.0.0
Check: package dependencies
Result: NOTE
    Packages suggested but not available for checking: ‘cplexAPI’ ‘glpkAPI’
Flavor: r-release-osx-x86_64-mavericks