Last updated on 2015-09-06 23:47:45.
Flavor | Version | Tinstall | Tcheck | Ttotal | Status | Flags |
---|---|---|---|---|---|---|
r-devel-linux-x86_64-debian-clang | 1.1-1 | 2.26 | 80.42 | 82.68 | NOTE | |
r-devel-linux-x86_64-debian-gcc | 1.1-1 | 2.24 | 79.50 | 81.74 | NOTE | |
r-devel-linux-x86_64-fedora-clang | 1.1-1 | 165.37 | NOTE | |||
r-devel-linux-x86_64-fedora-gcc | 1.1-1 | 160.98 | NOTE | |||
r-devel-osx-x86_64-clang | 1.1-1 | 119.28 | NOTE | |||
r-devel-windows-ix86+x86_64 | 1.1-1 | 8.00 | 172.00 | 180.00 | NOTE | |
r-patched-linux-x86_64 | 1.1-1 | 2.29 | 83.51 | 85.80 | NOTE | |
r-patched-solaris-sparc | 1.1-1 | 1143.00 | NOTE | |||
r-patched-solaris-x86 | 1.1-1 | 239.50 | NOTE | |||
r-release-linux-x86_64 | 1.1-1 | 2.34 | 83.08 | 85.42 | NOTE | |
r-release-osx-x86_64-mavericks | 1.1-1 | NOTE | ||||
r-release-windows-ix86+x86_64 | 1.1-1 | 15.00 | 125.00 | 140.00 | NOTE | |
r-oldrel-windows-ix86+x86_64 | 1.1-1 | 26.00 | 187.00 | 213.00 | NOTE |
Version: 1.1-1
Check: dependencies in R code
Result: NOTE
Unexported object imported by a ':::' call: ‘coefplot:::position_dodgev’
See the note in ?`:::` about the use of this operator.
Flavors: r-devel-linux-x86_64-debian-clang, r-devel-linux-x86_64-debian-gcc, r-devel-linux-x86_64-fedora-clang, r-devel-linux-x86_64-fedora-gcc, r-devel-osx-x86_64-clang, r-devel-windows-ix86+x86_64, r-patched-linux-x86_64, r-patched-solaris-sparc, r-patched-solaris-x86, r-release-linux-x86_64, r-release-osx-x86_64-mavericks, r-release-windows-ix86+x86_64, r-oldrel-windows-ix86+x86_64