Last updated on 2015-09-06 23:47:45.
Flavor | Version | Tinstall | Tcheck | Ttotal | Status | Flags |
---|---|---|---|---|---|---|
r-devel-linux-x86_64-debian-clang | 0.2.0 | 0.66 | 29.28 | 29.94 | NOTE | |
r-devel-linux-x86_64-debian-gcc | 0.2.0 | 0.64 | 28.33 | 28.97 | NOTE | |
r-devel-linux-x86_64-fedora-clang | 0.2.0 | 62.30 | NOTE | |||
r-devel-linux-x86_64-fedora-gcc | 0.2.0 | 60.62 | NOTE | |||
r-devel-osx-x86_64-clang | 0.2.0 | 47.31 | OK | |||
r-devel-windows-ix86+x86_64 | 0.2.0 | 3.00 | 61.00 | 64.00 | NOTE | |
r-patched-linux-x86_64 | 0.2.0 | 0.69 | 30.95 | 31.64 | OK | |
r-patched-solaris-sparc | 0.2.0 | 453.60 | OK | |||
r-patched-solaris-x86 | 0.2.0 | 80.50 | OK | |||
r-release-linux-x86_64 | 0.2.0 | 0.67 | 31.23 | 31.90 | OK | |
r-release-osx-x86_64-mavericks | 0.2.0 | OK | ||||
r-release-windows-ix86+x86_64 | 0.2.0 | 3.00 | 44.00 | 47.00 | OK | |
r-oldrel-windows-ix86+x86_64 | 0.2.0 | 5.00 | 69.00 | 74.00 | OK |
Version: 0.2.0
Check: R code for possible problems
Result: NOTE
get_transformed_values: no visible global function definition for ‘fft’
Undefined global functions or variables:
fft
Consider adding
importFrom("stats", "fft")
to your NAMESPACE.
Flavors: r-devel-linux-x86_64-debian-clang, r-devel-linux-x86_64-debian-gcc, r-devel-linux-x86_64-fedora-clang, r-devel-linux-x86_64-fedora-gcc, r-devel-windows-ix86+x86_64