CRAN Package Check Results for Package testit

Last updated on 2015-09-06 23:47:47.

Flavor Version Tinstall Tcheck Ttotal Status Flags
r-devel-linux-x86_64-debian-clang 0.4 0.45 8.49 8.94 NOTE
r-devel-linux-x86_64-debian-gcc 0.4 0.44 8.48 8.92 NOTE
r-devel-linux-x86_64-fedora-clang 0.4 16.84 NOTE
r-devel-linux-x86_64-fedora-gcc 0.4 16.61 NOTE
r-devel-osx-x86_64-clang 0.4 18.10 OK
r-devel-windows-ix86+x86_64 0.4 2.00 22.00 24.00 NOTE
r-patched-linux-x86_64 0.4 0.58 8.66 9.24 OK
r-patched-solaris-sparc 0.4 107.00 OK
r-patched-solaris-x86 0.4 28.10 OK
r-release-linux-x86_64 0.4 0.53 8.66 9.20 OK
r-release-osx-x86_64-mavericks 0.4 OK
r-release-windows-ix86+x86_64 0.4 2.00 16.00 18.00 OK
r-oldrel-windows-ix86+x86_64 0.4 4.00 22.00 26.00 OK

Check Details

Version: 0.4
Check: R code for possible problems
Result: NOTE
    available_dir: no visible global function definition for ‘file_test’
    available_dir: no visible global function definition for ‘formatUL’
    Undefined global functions or variables:
     file_test formatUL
    Consider adding
     importFrom("utils", "file_test", "formatUL")
    to your NAMESPACE.
Flavors: r-devel-linux-x86_64-debian-clang, r-devel-linux-x86_64-debian-gcc, r-devel-linux-x86_64-fedora-clang, r-devel-linux-x86_64-fedora-gcc, r-devel-windows-ix86+x86_64