CRAN Package Check Results for Package textcat

Last updated on 2015-09-06 23:47:47.

Flavor Version Tinstall Tcheck Ttotal Status Flags
r-devel-linux-x86_64-debian-clang 1.0-3 0.94 9.84 10.78 OK
r-devel-linux-x86_64-debian-gcc 1.0-3 0.84 10.02 10.86 OK
r-devel-linux-x86_64-fedora-clang 1.0-3 20.89 NOTE
r-devel-linux-x86_64-fedora-gcc 1.0-3 20.73 NOTE
r-devel-osx-x86_64-clang 1.0-3 20.89 NOTE
r-devel-windows-ix86+x86_64 1.0-3 3.00 28.00 31.00 OK
r-patched-linux-x86_64 1.0-3 0.89 10.70 11.60 NOTE
r-patched-solaris-sparc 1.0-3 140.20 NOTE
r-patched-solaris-x86 1.0-3 32.20 NOTE
r-release-linux-x86_64 1.0-3 0.90 10.38 11.28 NOTE
r-release-osx-x86_64-mavericks 1.0-3 NOTE
r-release-windows-ix86+x86_64 1.0-3 5.00 18.00 23.00 NOTE
r-oldrel-windows-ix86+x86_64 1.0-3 6.00 34.00 40.00 NOTE

Check Details

Version: 1.0-3
Check: data for non-ASCII characters
Result: NOTE
     Note: found 10051 marked UTF-8 strings
     Note: found 10523 strings marked as "bytes"
Flavors: r-devel-linux-x86_64-fedora-clang, r-devel-linux-x86_64-fedora-gcc, r-devel-osx-x86_64-clang, r-patched-linux-x86_64, r-patched-solaris-sparc, r-patched-solaris-x86, r-release-linux-x86_64, r-release-osx-x86_64-mavericks, r-release-windows-ix86+x86_64, r-oldrel-windows-ix86+x86_64