Last updated on 2015-09-06 23:47:47.
Flavor | Version | Tinstall | Tcheck | Ttotal | Status | Flags |
---|---|---|---|---|---|---|
r-devel-linux-x86_64-debian-clang | 2.4-11 | 9.55 | 24.56 | 34.11 | NOTE | --no-examples --no-tests --no-vignettes |
r-devel-linux-x86_64-debian-gcc | 2.4-11 | 11.45 | 24.37 | 35.82 | NOTE | --no-examples --no-tests --no-vignettes |
r-devel-linux-x86_64-fedora-clang | 2.4-11 | 386.42 | NOTE | --no-vignettes | ||
r-devel-linux-x86_64-fedora-gcc | 2.4-11 | 373.21 | NOTE | --no-vignettes | ||
r-devel-osx-x86_64-clang | 2.4-11 | 238.83 | OK | --no-vignettes | ||
r-devel-windows-ix86+x86_64 | 2.4-11 | 54.00 | 40.00 | 94.00 | NOTE | --no-examples --no-tests --no-vignettes |
r-patched-linux-x86_64 | 2.4-11 | 11.12 | 25.50 | 36.62 | OK | --no-examples --no-tests --no-vignettes |
r-patched-solaris-sparc | 2.4-11 | 398.40 | OK | --no-examples --no-vignettes | ||
r-patched-solaris-x86 | 2.4-11 | 392.10 | OK | --no-vignettes | ||
r-release-linux-x86_64 | 2.4-11 | 11.18 | 24.68 | 35.86 | OK | --no-examples --no-tests --no-vignettes |
r-release-osx-x86_64-mavericks | 2.4-11 | OK | --no-vignettes | |||
r-release-windows-ix86+x86_64 | 2.4-11 | 74.00 | 38.00 | 112.00 | OK | --no-examples --no-tests --no-vignettes |
r-oldrel-windows-ix86+x86_64 | 2.4-11 | 74.00 | 44.00 | 118.00 | OK | --no-examples --no-tests --no-vignettes |
Version: 2.4-11
Flags: --no-examples --no-tests --no-vignettes
Check: R code for possible problems
Result: NOTE
exp2d.Z: no visible global function definition for ‘rnorm’
exp2d.rand: no visible global function definition for ‘data’
fried.bool: no visible global function definition for ‘runif’
fried.bool: no visible global function definition for ‘rnorm’
friedman.1.data: no visible global function definition for ‘runif’
friedman.1.data: no visible global function definition for ‘rnorm’
interp.loess: no visible global function definition for ‘loess’
interp.loess: no visible global function definition for ‘predict’
itemps.barplot: no visible global function definition for ‘barplot’
mapT: no visible global function definition for ‘plot’
mr.plot: no visible global function definition for ‘par’
mr.plot: no visible global function definition for ‘plot’
mr.plot: no visible global function definition for ‘lines’
mr.plot: no visible global function definition for ‘legend’
mr.plot: no visible global function definition for ‘points’
optim.ptgpf : ptgpf: no visible global function definition for
‘predict’
optim.ptgpf: no visible global function definition for ‘optimize’
optim.ptgpf: no visible global function definition for ‘optim’
plot.tgp: no visible global function definition for ‘par’
plot.tgp: no visible global function definition for ‘plot’
plot.tgp: no visible global function definition for ‘lines’
plot.tgp: no visible global function definition for ‘text’
sens.plot: no visible global function definition for ‘rainbow’
sens.plot: no visible global function definition for ‘par’
sens.plot: no visible global function definition for ‘plot’
sens.plot: no visible global function definition for ‘segments’
sens.plot: no visible global function definition for ‘lines’
sens.plot: no visible global function definition for ‘legend’
sens.plot: no visible global function definition for ‘boxplot’
sens.plot: no visible global function definition for ‘axis’
sens.plot: no visible global function definition for ‘mtext’
slice.contour: no visible global function definition for ‘contour’
slice.image: no visible global function definition for ‘terrain.colors’
slice.image: no visible global function definition for ‘image’
slice.image.contour: no visible global function definition for ‘image’
slice.image.contour: no visible global function definition for
‘terrain.colors’
slice.image.contour: no visible global function definition for
‘contour’
slice.persp: no visible global function definition for ‘persp’
tgp.get.trees: no visible global function definition for ‘read.table’
tgp.plot.parts.1d: no visible global function definition for ‘abline’
tgp.plot.parts.2d: no visible global function definition for ‘lines’
tgp.plot.proj: no visible global function definition for ‘par’
tgp.plot.proj: no visible global function definition for ‘plot’
tgp.plot.proj: no visible global function definition for ‘points’
tgp.plot.proj: no visible global function definition for ‘segments’
tgp.plot.proj: no visible global function definition for ‘lines’
tgp.plot.proj: no visible global function definition for ‘text’
tgp.plot.slice: no visible global function definition for ‘par’
tgp.plot.slice: no visible global function definition for ‘points’
tgp.plot.slice: no visible global function definition for ‘text’
tgp.plot.slice: no visible binding for global variable ‘proj’
tgp.plot.tree: no visible global function definition for ‘title’
tgp.postprocess: no visible global function definition for ‘read.table’
tgp.read.XX.traces: no visible global function definition for
‘read.table’
tgp.read.traces: no visible global function definition for ‘read.table’
tgp.trees: no visible global function definition for ‘par’
Undefined global functions or variables:
abline axis barplot boxplot contour data image legend lines loess
mtext optim optimize par persp plot points predict proj rainbow
read.table rnorm runif segments terrain.colors text title
Consider adding
importFrom("grDevices", "rainbow", "terrain.colors")
importFrom("graphics", "abline", "axis", "barplot", "boxplot",
"contour", "image", "legend", "lines", "mtext", "par",
"persp", "plot", "points", "segments", "text", "title")
importFrom("stats", "loess", "optim", "optimize", "predict", "proj",
"rnorm", "runif")
importFrom("utils", "data", "read.table")
to your NAMESPACE.
Flavors: r-devel-linux-x86_64-debian-clang, r-devel-linux-x86_64-debian-gcc, r-devel-windows-ix86+x86_64
Version: 2.4-11
Flags: --no-vignettes
Check: R code for possible problems
Result: NOTE
exp2d.Z: no visible global function definition for ‘rnorm’
exp2d.rand: no visible global function definition for ‘data’
fried.bool: no visible global function definition for ‘runif’
fried.bool: no visible global function definition for ‘rnorm’
friedman.1.data: no visible global function definition for ‘runif’
friedman.1.data: no visible global function definition for ‘rnorm’
interp.loess: no visible global function definition for ‘loess’
interp.loess: no visible global function definition for ‘predict’
itemps.barplot: no visible global function definition for ‘barplot’
mapT: no visible global function definition for ‘plot’
mr.plot: no visible global function definition for ‘par’
mr.plot: no visible global function definition for ‘plot’
mr.plot: no visible global function definition for ‘lines’
mr.plot: no visible global function definition for ‘legend’
mr.plot: no visible global function definition for ‘points’
optim.ptgpf : ptgpf: no visible global function definition for
‘predict’
optim.ptgpf: no visible global function definition for ‘optimize’
optim.ptgpf: no visible global function definition for ‘optim’
plot.tgp: no visible global function definition for ‘par’
plot.tgp: no visible global function definition for ‘plot’
plot.tgp: no visible global function definition for ‘lines’
plot.tgp: no visible global function definition for ‘text’
sens.plot: no visible global function definition for ‘rainbow’
sens.plot: no visible global function definition for ‘par’
sens.plot: no visible global function definition for ‘plot’
sens.plot: no visible global function definition for ‘segments’
sens.plot: no visible global function definition for ‘lines’
sens.plot: no visible global function definition for ‘legend’
sens.plot: no visible global function definition for ‘boxplot’
sens.plot: no visible global function definition for ‘axis’
sens.plot: no visible global function definition for ‘mtext’
slice.contour: no visible global function definition for ‘contour’
slice.image: no visible global function definition for ‘terrain.colors’
slice.image: no visible global function definition for ‘image’
slice.image.contour: no visible global function definition for ‘image’
slice.image.contour: no visible global function definition for
‘terrain.colors’
slice.image.contour: no visible global function definition for
‘contour’
slice.persp: no visible global function definition for ‘persp’
tgp.get.trees: no visible global function definition for ‘read.table’
tgp.plot.parts.1d: no visible global function definition for ‘abline’
tgp.plot.parts.2d: no visible global function definition for ‘lines’
tgp.plot.proj: no visible global function definition for ‘par’
tgp.plot.proj: no visible global function definition for ‘plot’
tgp.plot.proj: no visible global function definition for ‘points’
tgp.plot.proj: no visible global function definition for ‘segments’
tgp.plot.proj: no visible global function definition for ‘lines’
tgp.plot.proj: no visible global function definition for ‘text’
tgp.plot.slice: no visible global function definition for ‘par’
tgp.plot.slice: no visible global function definition for ‘points’
tgp.plot.slice: no visible global function definition for ‘text’
tgp.plot.slice: no visible binding for global variable ‘proj’
tgp.plot.tree: no visible global function definition for ‘title’
tgp.postprocess: no visible global function definition for ‘read.table’
tgp.read.XX.traces: no visible global function definition for
‘read.table’
tgp.read.traces: no visible global function definition for ‘read.table’
tgp.trees: no visible global function definition for ‘par’
Undefined global functions or variables:
abline axis barplot boxplot contour data image legend lines loess
mtext optim optimize par persp plot points predict proj rainbow
read.table rnorm runif segments terrain.colors text title
Consider adding
importFrom("grDevices", "rainbow", "terrain.colors")
importFrom("graphics", "abline", "axis", "barplot", "boxplot",
"contour", "image", "legend", "lines", "mtext", "par",
"persp", "plot", "points", "segments", "text", "title")
importFrom("stats", "loess", "optim", "optimize", "predict", "proj",
"rnorm", "runif")
importFrom("utils", "data", "read.table")
to your NAMESPACE.
Flavors: r-devel-linux-x86_64-fedora-clang, r-devel-linux-x86_64-fedora-gcc