Last updated on 2015-09-06 23:47:47.
Flavor | Version | Tinstall | Tcheck | Ttotal | Status | Flags |
---|---|---|---|---|---|---|
r-devel-linux-x86_64-debian-clang | 0.2.0 | 0.82 | 12.31 | 13.13 | NOTE | |
r-devel-linux-x86_64-debian-gcc | 0.2.0 | 0.64 | 12.43 | 13.06 | NOTE | |
r-devel-linux-x86_64-fedora-clang | 0.2.0 | 24.59 | NOTE | |||
r-devel-linux-x86_64-fedora-gcc | 0.2.0 | 22.90 | NOTE | |||
r-devel-osx-x86_64-clang | 0.2.0 | 22.45 | NOTE | |||
r-devel-windows-ix86+x86_64 | 0.2.0 | 2.00 | 33.00 | 35.00 | NOTE | |
r-patched-linux-x86_64 | 0.2.0 | 0.70 | 13.02 | 13.73 | NOTE | |
r-patched-solaris-sparc | 0.2.0 | 166.80 | NOTE | |||
r-patched-solaris-x86 | 0.2.0 | 38.60 | NOTE | |||
r-release-linux-x86_64 | 0.2.0 | 0.67 | 12.97 | 13.64 | NOTE | |
r-release-osx-x86_64-mavericks | 0.2.0 | NOTE | ||||
r-release-windows-ix86+x86_64 | 0.2.0 | 4.00 | 23.00 | 27.00 | NOTE | |
r-oldrel-windows-ix86+x86_64 | 0.2.0 | 5.00 | 28.00 | 33.00 | OK |
Version: 0.2.0
Check: DESCRIPTION meta-information
Result: NOTE
Malformed Title field: should not end in a period.
Flavors: r-devel-linux-x86_64-debian-clang, r-devel-linux-x86_64-debian-gcc, r-devel-linux-x86_64-fedora-clang, r-devel-linux-x86_64-fedora-gcc, r-devel-osx-x86_64-clang, r-devel-windows-ix86+x86_64, r-patched-linux-x86_64, r-patched-solaris-sparc, r-patched-solaris-x86, r-release-linux-x86_64, r-release-osx-x86_64-mavericks, r-release-windows-ix86+x86_64
Version: 0.2.0
Check: R code for possible problems
Result: NOTE
append_col: no visible global function definition for ‘setNames’
extract_.data.frame: no visible binding for global variable
‘type.convert’
gather_.data.frame: no visible global function definition for
‘type.convert’
separate_.data.frame: no visible binding for global variable
‘type.convert’
spread_.data.frame: no visible binding for global variable
‘type.convert’
Undefined global functions or variables:
setNames type.convert
Consider adding
importFrom("stats", "setNames")
importFrom("utils", "type.convert")
to your NAMESPACE.
Flavors: r-devel-linux-x86_64-debian-clang, r-devel-linux-x86_64-debian-gcc, r-devel-linux-x86_64-fedora-clang, r-devel-linux-x86_64-fedora-gcc, r-devel-windows-ix86+x86_64