Last updated on 2015-09-06 23:47:47.
Flavor | Version | Tinstall | Tcheck | Ttotal | Status | Flags |
---|---|---|---|---|---|---|
r-devel-linux-x86_64-debian-clang | 0.8.1 | 1.38 | 47.97 | 49.35 | NOTE | |
r-devel-linux-x86_64-debian-gcc | 0.8.1 | 1.64 | 47.14 | 48.78 | NOTE | |
r-devel-linux-x86_64-fedora-clang | 0.8.1 | 96.63 | NOTE | |||
r-devel-linux-x86_64-fedora-gcc | 0.8.1 | 95.43 | NOTE | |||
r-devel-osx-x86_64-clang | 0.8.1 | 100.36 | OK | |||
r-devel-windows-ix86+x86_64 | 0.8.1 | 7.00 | 118.00 | 125.00 | NOTE | |
r-patched-linux-x86_64 | 0.8.1 | 1.78 | 49.03 | 50.81 | OK | |
r-patched-solaris-sparc | 0.8.1 | 732.80 | OK | |||
r-patched-solaris-x86 | 0.8.1 | 152.00 | OK | |||
r-release-linux-x86_64 | 0.8.1 | 1.79 | 48.91 | 50.70 | OK | |
r-release-osx-x86_64-mavericks | 0.8.1 | OK | ||||
r-release-windows-ix86+x86_64 | 0.8.1 | 12.00 | 103.00 | 115.00 | OK | |
r-oldrel-windows-ix86+x86_64 | 0.8.1 | 13.00 | 115.00 | 128.00 | OK |
Version: 0.8.1
Check: R code for possible problems
Result: NOTE
getDeviceInfo: no visible global function definition for ‘dev.cur’
getMetricsFromLatex: no visible global function definition for
‘complete.cases’
getTikzDeviceVersion: no visible global function definition for
‘packageVersion’
gridToDevice: no visible global function definition for ‘grconvertX’
gridToDevice: no visible global function definition for ‘grconvertY’
isTikzDevice: no visible global function definition for ‘dev.cur’
isTikzDevice: no visible global function definition for ‘dev.list’
tikzNode: no visible global function definition for ‘grconvertX’
tikzNode: no visible global function definition for ‘grconvertY’
tikz_writeRaster: no visible global function definition for ‘as.raster’
tikz_writeRaster: no visible global function definition for ‘png’
tikz_writeRaster: no visible global function definition for ‘par’
tikz_writeRaster: no visible global function definition for ‘plot.new’
tikz_writeRaster: no visible global function definition for
‘rasterImage’
tikz_writeRaster: no visible global function definition for ‘dev.off’
Undefined global functions or variables:
as.raster complete.cases dev.cur dev.list dev.off grconvertX
grconvertY packageVersion par plot.new png rasterImage
Consider adding
importFrom("grDevices", "as.raster", "dev.cur", "dev.list", "dev.off",
"png")
importFrom("graphics", "grconvertX", "grconvertY", "par", "plot.new",
"rasterImage")
importFrom("stats", "complete.cases")
importFrom("utils", "packageVersion")
to your NAMESPACE.
Flavors: r-devel-linux-x86_64-debian-clang, r-devel-linux-x86_64-debian-gcc, r-devel-linux-x86_64-fedora-clang, r-devel-linux-x86_64-fedora-gcc, r-devel-windows-ix86+x86_64