CRAN Package Check Results for Package tmle

Last updated on 2015-09-06 23:47:47.

Flavor Version Tinstall Tcheck Ttotal Status Flags
r-devel-linux-x86_64-debian-clang 1.2.0-4 0.62 16.36 16.98 NOTE
r-devel-linux-x86_64-debian-gcc 1.2.0-4 0.64 15.10 15.74 NOTE
r-devel-linux-x86_64-fedora-clang 1.2.0-4 30.17 NOTE
r-devel-linux-x86_64-fedora-gcc 1.2.0-4 28.83 NOTE
r-devel-osx-x86_64-clang 1.2.0-4 26.48 NOTE
r-devel-windows-ix86+x86_64 1.2.0-4 3.00 31.00 34.00 NOTE
r-patched-linux-x86_64 1.2.0-4 0.69 16.05 16.74 NOTE
r-patched-solaris-sparc 1.2.0-4 193.90 NOTE
r-patched-solaris-x86 1.2.0-4 43.20 NOTE
r-release-linux-x86_64 1.2.0-4 0.67 15.94 16.62 NOTE
r-release-osx-x86_64-mavericks 1.2.0-4 OK
r-release-windows-ix86+x86_64 1.2.0-4 5.00 28.00 33.00 OK
r-oldrel-windows-ix86+x86_64 1.2.0-4 5.00 34.00 39.00 OK

Check Details

Version: 1.2.0-4
Check: S3 generic/method consistency
Result: NOTE
    Found the following apparent S3 methods exported but not registered:
     print.summary.tmle print.summary.tmle.list print.summary.tmleMSM
     print.tmle print.tmle.list print.tmleMSM summary.tmle
     summary.tmle.list summary.tmleMSM
    See section ‘Registering S3 methods’ in the ‘Writing R Extensions’
    manual.
Flavors: r-devel-linux-x86_64-debian-clang, r-devel-linux-x86_64-debian-gcc, r-devel-linux-x86_64-fedora-clang, r-devel-linux-x86_64-fedora-gcc, r-devel-osx-x86_64-clang, r-patched-linux-x86_64, r-patched-solaris-sparc, r-patched-solaris-x86, r-release-linux-x86_64

Version: 1.2.0-4
Check: R code for possible problems
Result: NOTE
    .estQcvSL: no visible global function definition for
     ‘packageDescription’
    .verifyArgs : <anonymous>: no visible global function definition for
     ‘as.formula’
    SL.glm.interaction: no visible global function definition for ‘glm’
    SL.glm.interaction: no visible global function definition for ‘predict’
    calcParameters: no visible global function definition for ‘var’
    calcParameters: no visible global function definition for ‘pnorm’
    calcSigma: no visible global function definition for ‘var’
    estimateG: no visible global function definition for
     ‘packageDescription’
    estimateG: no visible global function definition for ‘glm’
    estimateG: no visible global function definition for ‘predict’
    estimateG: no visible global function definition for ‘as.formula’
    estimateQ: no visible global function definition for ‘as.formula’
    estimateQ: no visible global function definition for ‘glm’
    estimateQ: no visible global function definition for ‘predict’
    estimateQ: no visible global function definition for
     ‘packageDescription’
    estimateQ: no visible binding for global variable ‘binomial’
    estimateQ: no visible global function definition for ‘qlogis’
    estimateQ: no visible binding for global variable ‘poisson’
    tmle: no visible binding for global variable ‘binomial’
    tmle: no visible binding for global variable ‘gaussian’
    tmle: no visible binding for global variable ‘poisson’
    tmle: no visible global function definition for ‘coef’
    tmle: no visible global function definition for ‘glm’
    tmle: no visible global function definition for ‘plogis’
    tmleMSM: no visible binding for global variable ‘binomial’
    tmleMSM: no visible binding for global variable ‘gaussian’
    tmleMSM: no visible global function definition for ‘formula’
    tmleMSM: no visible global function definition for ‘model.frame’
    tmleMSM: no visible global function definition for ‘model.matrix’
    tmleMSM: no visible global function definition for ‘coef’
    tmleMSM: no visible global function definition for ‘glm’
    tmleMSM: no visible global function definition for ‘plogis’
    tmleMSM: no visible global function definition for ‘pnorm’
    tmleNews: no visible global function definition for ‘RShowDoc’
    Undefined global functions or variables:
     RShowDoc as.formula binomial coef formula gaussian glm model.frame
     model.matrix packageDescription plogis pnorm poisson predict qlogis
     var
    Consider adding
     importFrom("stats", "as.formula", "binomial", "coef", "formula",
     "gaussian", "glm", "model.frame", "model.matrix", "plogis",
     "pnorm", "poisson", "predict", "qlogis", "var")
     importFrom("utils", "RShowDoc", "packageDescription")
    to your NAMESPACE.
Flavors: r-devel-linux-x86_64-debian-clang, r-devel-linux-x86_64-debian-gcc, r-devel-linux-x86_64-fedora-clang, r-devel-linux-x86_64-fedora-gcc, r-devel-windows-ix86+x86_64