Last updated on 2015-09-06 23:47:47.
Flavor | Version | Tinstall | Tcheck | Ttotal | Status | Flags |
---|---|---|---|---|---|---|
r-devel-linux-x86_64-debian-clang | 2.5.0 | 1.38 | 21.41 | 22.79 | NOTE | |
r-devel-linux-x86_64-debian-gcc | 2.5.0 | 1.28 | 20.84 | 22.12 | NOTE | |
r-devel-linux-x86_64-fedora-clang | 2.5.0 | 42.40 | NOTE | |||
r-devel-linux-x86_64-fedora-gcc | 2.5.0 | 40.31 | NOTE | |||
r-devel-osx-x86_64-clang | 2.5.0 | 35.44 | OK | |||
r-devel-windows-ix86+x86_64 | 2.5.0 | 5.00 | 37.00 | 42.00 | NOTE | |
r-patched-linux-x86_64 | 2.5.0 | 1.49 | 22.02 | 23.51 | OK | |
r-patched-solaris-sparc | 2.5.0 | 279.10 | OK | |||
r-patched-solaris-x86 | 2.5.0 | 57.60 | OK | |||
r-release-linux-x86_64 | 2.5.0 | 1.41 | 22.05 | 23.46 | OK | |
r-release-osx-x86_64-mavericks | 2.5.0 | OK | ||||
r-release-windows-ix86+x86_64 | 2.5.0 | 9.00 | 36.00 | 45.00 | OK | |
r-oldrel-windows-ix86+x86_64 | 2.5.0 | 8.00 | 39.00 | 47.00 | OK |
Version: 2.5.0
Check: R code for possible problems
Result: NOTE
defaultInfoPanel: no visible global function definition for ‘dev.cur’
defaultInfoPanel: no visible global function definition for ‘plot’
defaultInfoPanel: no visible global function definition for ‘text’
displayGraphic: no visible global function definition for ‘image’
displayGraphic: no visible global function definition for ‘par’
getColourScale: no visible global function definition for ‘gray’
getColourScale: no visible global function definition for ‘heat.colors’
getColourScale: no visible global function definition for ‘rainbow’
interpolatePalette: no visible global function definition for
‘colorRamp’
sortDicomDirectory: no visible global function definition for ‘na.omit’
viewImages: no visible global function definition for ‘par’
viewImages: no visible global function definition for ‘layout’
viewImages: no visible global function definition for ‘plot’
viewImages: no visible global function definition for ‘lines’
viewImages: no visible global function definition for ‘text’
viewImages: no visible global function definition for ‘locator’
viewImages: no visible global function definition for ‘dev.off’
writePng: no visible global function definition for ‘png’
writePng: no visible global function definition for ‘par’
writePng: no visible global function definition for ‘image’
writePng: no visible global function definition for ‘dev.off’
Undefined global functions or variables:
colorRamp dev.cur dev.off gray heat.colors image layout lines locator
na.omit par plot png rainbow text
Consider adding
importFrom("grDevices", "colorRamp", "dev.cur", "dev.off", "gray",
"heat.colors", "png", "rainbow")
importFrom("graphics", "image", "layout", "lines", "locator", "par",
"plot", "text")
importFrom("stats", "na.omit")
to your NAMESPACE.
Flavors: r-devel-linux-x86_64-debian-clang, r-devel-linux-x86_64-debian-gcc, r-devel-linux-x86_64-fedora-clang, r-devel-linux-x86_64-fedora-gcc, r-devel-windows-ix86+x86_64