CRAN Package Check Results for Package tufterhandout

Last updated on 2015-09-06 23:47:48.

Flavor Version Tinstall Tcheck Ttotal Status Flags
r-devel-linux-x86_64-debian-clang 1.2.1 0.56 11.33 11.89 NOTE
r-devel-linux-x86_64-debian-gcc 1.2.1 0.56 11.30 11.86 NOTE
r-devel-linux-x86_64-fedora-clang 1.2.1 23.66 NOTE
r-devel-linux-x86_64-fedora-gcc 1.2.1 22.24 NOTE
r-devel-osx-x86_64-clang 1.2.1 22.03 NOTE
r-devel-windows-ix86+x86_64 1.2.1 3.00 46.00 49.00 NOTE
r-patched-linux-x86_64 1.2.1 0.64 12.42 13.07 NOTE
r-patched-solaris-sparc 1.2.1 135.60 NOTE
r-patched-solaris-x86 1.2.1 38.20 NOTE
r-release-linux-x86_64 1.2.1 0.64 12.46 13.10 NOTE
r-release-osx-x86_64-mavericks 1.2.1 NOTE
r-release-windows-ix86+x86_64 1.2.1 4.00 23.00 27.00 NOTE
r-oldrel-windows-ix86+x86_64 1.2.1 6.00 33.00 39.00 OK

Check Details

Version: 1.2.1
Check: DESCRIPTION meta-information
Result: NOTE
    Malformed Description field: should contain one or more complete sentences.
Flavors: r-devel-linux-x86_64-debian-clang, r-devel-linux-x86_64-debian-gcc, r-devel-linux-x86_64-fedora-clang, r-devel-linux-x86_64-fedora-gcc, r-devel-osx-x86_64-clang, r-devel-windows-ix86+x86_64, r-patched-linux-x86_64, r-patched-solaris-sparc, r-patched-solaris-x86, r-release-linux-x86_64, r-release-osx-x86_64-mavericks, r-release-windows-ix86+x86_64