Last updated on 2015-09-06 23:47:48.
Flavor | Version | Tinstall | Tcheck | Ttotal | Status | Flags |
---|---|---|---|---|---|---|
r-devel-linux-x86_64-debian-clang | 1.1-0 | 1.01 | 17.56 | 18.58 | NOTE | |
r-devel-linux-x86_64-debian-gcc | 1.1-0 | 1.08 | 17.64 | 18.72 | NOTE | |
r-devel-linux-x86_64-fedora-clang | 1.1-0 | 36.83 | NOTE | |||
r-devel-linux-x86_64-fedora-gcc | 1.1-0 | 35.19 | NOTE | |||
r-devel-osx-x86_64-clang | 1.1-0 | 31.54 | NOTE | |||
r-devel-windows-ix86+x86_64 | 1.1-0 | 4.00 | 40.00 | 44.00 | NOTE | |
r-patched-linux-x86_64 | 1.1-0 | 1.12 | 18.50 | 19.62 | NOTE | |
r-patched-solaris-sparc | 1.1-0 | 283.50 | NOTE | |||
r-patched-solaris-x86 | 1.1-0 | 62.50 | NOTE | |||
r-release-linux-x86_64 | 1.1-0 | 1.18 | 18.27 | 19.46 | NOTE | |
r-release-osx-x86_64-mavericks | 1.1-0 | NOTE | ||||
r-release-windows-ix86+x86_64 | 1.1-0 | 4.00 | 30.00 | 34.00 | NOTE | |
r-oldrel-windows-ix86+x86_64 | 1.1-0 | 7.00 | 38.00 | 45.00 | OK |
Version: 1.1-0
Check: DESCRIPTION meta-information
Result: NOTE
Malformed Description field: should contain one or more complete sentences.
Flavors: r-devel-linux-x86_64-debian-clang, r-devel-linux-x86_64-debian-gcc, r-devel-linux-x86_64-fedora-clang, r-devel-linux-x86_64-fedora-gcc, r-devel-osx-x86_64-clang, r-devel-windows-ix86+x86_64, r-patched-linux-x86_64, r-patched-solaris-sparc, r-patched-solaris-x86, r-release-linux-x86_64, r-release-osx-x86_64-mavericks, r-release-windows-ix86+x86_64
Version: 1.1-0
Check: top-level files
Result: NOTE
Non-standard file/directory found at top level:
‘src-java’
Flavors: r-devel-linux-x86_64-debian-clang, r-devel-linux-x86_64-debian-gcc, r-devel-linux-x86_64-fedora-clang, r-devel-linux-x86_64-fedora-gcc, r-patched-linux-x86_64, r-release-linux-x86_64
Version: 1.1-0
Check: R code for possible problems
Result: NOTE
plot.VennDiagram : <anonymous>: no visible global function definition
for ‘hcl’
plot.VennDiagram: no visible global function definition for ‘plot.new’
plot.VennDiagram: no visible global function definition for
‘plot.window’
plot.VennDiagram: no visible global function definition for ‘col2rgb’
plot.VennDiagram: no visible global function definition for ‘rgb’
plot.VennDiagram: no visible global function definition for ‘polygon’
plot.VennDiagram: no visible global function definition for ‘text’
plot.VennDiagram: no visible global function definition for ‘title’
Undefined global functions or variables:
col2rgb hcl plot.new plot.window polygon rgb text title
Consider adding
importFrom("grDevices", "col2rgb", "hcl", "rgb")
importFrom("graphics", "plot.new", "plot.window", "polygon", "text",
"title")
to your NAMESPACE.
Flavors: r-devel-linux-x86_64-debian-clang, r-devel-linux-x86_64-debian-gcc, r-devel-linux-x86_64-fedora-clang, r-devel-linux-x86_64-fedora-gcc, r-devel-windows-ix86+x86_64