CRAN Package Check Results for Package virtualspecies

Last updated on 2015-09-06 23:47:48.

Flavor Version Tinstall Tcheck Ttotal Status Flags
r-devel-linux-x86_64-debian-clang 1.1 2.50 42.31 44.81 NOTE
r-devel-linux-x86_64-debian-gcc 1.1 2.47 40.98 43.45 NOTE
r-devel-linux-x86_64-fedora-clang 1.1 91.20 NOTE
r-devel-linux-x86_64-fedora-gcc 1.1 85.44 NOTE
r-devel-osx-x86_64-clang 1.1 68.62 OK
r-devel-windows-ix86+x86_64 1.1 7.00 114.00 121.00 NOTE
r-patched-linux-x86_64 1.1 3.69 43.29 46.98 OK
r-patched-solaris-sparc 1.1 592.20 OK
r-patched-solaris-x86 1.1 121.30 OK
r-release-linux-x86_64 1.1 2.62 43.51 46.13 OK
r-release-osx-x86_64-mavericks 1.1 OK
r-release-windows-ix86+x86_64 1.1 11.00 99.00 110.00 OK
r-oldrel-windows-ix86+x86_64 1.1 14.00 103.00 117.00 OK

Check Details

Version: 1.1
Check: R code for possible problems
Result: NOTE
    .arrowLabels: no visible global function definition for ‘par’
    .arrowLabels: no visible global function definition for ‘strwidth’
    .arrowLabels: no visible global function definition for ‘strheight’
    .arrowLabels: no visible global function definition for ‘rect’
    .arrows: no visible global function definition for ‘segments’
    .arrows: no visible global function definition for ‘strheight’
    .arrows: no visible global function definition for ‘par’
    .arrows: no visible global function definition for ‘arrows’
    .prob.gaussian: no visible global function definition for ‘dnorm’
    convertToPA: no visible global function definition for ‘is.raster’
    custnorm: no visible global function definition for ‘qnorm’
    custnorm: no visible global function definition for ‘dnorm’
    formatFunctions: no visible global function definition for ‘is’
    generateRandomSp: no visible global function definition for ‘is’
    generateSpFromFun: no visible global function definition for ‘is’
    generateSpFromFun: no visible global function definition for
     ‘reformulate’
    generateSpFromPCA: no visible global function definition for ‘is’
    generateSpFromPCA: no visible global function definition for ‘dev.cur’
    generateSpFromPCA: no visible global function definition for ‘dev.off’
    generateSpFromPCA: no visible global function definition for ‘par’
    generateSpFromPCA: no visible global function definition for ‘layout’
    generateSpFromPCA: no visible global function definition for
     ‘terrain.colors’
    generateSpFromPCA: no visible global function definition for ‘legend’
    generateSpFromPCA: no visible global function definition for ‘title’
    limitDistribution: no visible global function definition for
     ‘installed.packages’
    plot.virtualspecies: no visible global function definition for ‘plot’
    plotResponse: no visible global function definition for ‘is’
    plotResponse: no visible global function definition for ‘par’
    plotResponse: no visible global function definition for ‘modifyList’
    plotResponse: no visible global function definition for ‘mtext’
    plotResponse: no visible global function definition for ‘grey’
    plotResponse: no visible global function definition for ‘heat.colors’
    plotResponse: no visible global function definition for ‘polygon’
    plotResponse: no visible global function definition for ‘segments’
    plotResponse: no visible global function definition for ‘legend’
    plotResponse: no visible global function definition for ‘dnorm’
    plotResponse: no visible global function definition for ‘plot’
    removeCollinearity: no visible global function definition for ‘cor’
    removeCollinearity: no visible global function definition for ‘as.dist’
    removeCollinearity: no visible global function definition for ‘par’
    removeCollinearity: no visible global function definition for ‘axis’
    removeCollinearity: no visible global function definition for ‘title’
    removeCollinearity: no visible global function definition for
     ‘rect.hclust’
    sampleOccurrences: no visible global function definition for
     ‘installed.packages’
    sampleOccurrences: no visible global function definition for ‘points’
    Undefined global functions or variables:
     arrows as.dist axis cor dev.cur dev.off dnorm grey heat.colors
     installed.packages is is.raster layout legend modifyList mtext par
     plot points polygon qnorm rect rect.hclust reformulate segments
     strheight strwidth terrain.colors title
    Consider adding
     importFrom("grDevices", "dev.cur", "dev.off", "grey", "heat.colors",
     "is.raster", "terrain.colors")
     importFrom("graphics", "arrows", "axis", "layout", "legend", "mtext",
     "par", "plot", "points", "polygon", "rect", "segments",
     "strheight", "strwidth", "title")
     importFrom("methods", "is")
     importFrom("stats", "as.dist", "cor", "dnorm", "qnorm", "rect.hclust",
     "reformulate")
     importFrom("utils", "installed.packages", "modifyList")
    to your NAMESPACE (and ensure that your DESCRIPTION Imports field
    contains 'methods').
Flavors: r-devel-linux-x86_64-debian-clang, r-devel-linux-x86_64-debian-gcc, r-devel-linux-x86_64-fedora-clang, r-devel-linux-x86_64-fedora-gcc, r-devel-windows-ix86+x86_64