CRAN Package Check Results for Package visreg

Last updated on 2015-09-06 23:47:48.

Flavor Version Tinstall Tcheck Ttotal Status Flags
r-devel-linux-x86_64-debian-clang 2.2-0 0.60 29.94 30.53 NOTE
r-devel-linux-x86_64-debian-gcc 2.2-0 0.60 28.94 29.54 NOTE
r-devel-linux-x86_64-fedora-clang 2.2-0 59.26 NOTE
r-devel-linux-x86_64-fedora-gcc 2.2-0 56.21 NOTE
r-devel-osx-x86_64-clang 2.2-0 46.50 OK
r-devel-windows-ix86+x86_64 2.2-0 3.00 90.00 93.00 NOTE
r-patched-linux-x86_64 2.2-0 0.69 29.49 30.18 OK
r-patched-solaris-sparc 2.2-0 369.40 OK
r-patched-solaris-x86 2.2-0 77.50 OK
r-release-linux-x86_64 2.2-0 0.67 29.51 30.18 OK
r-release-osx-x86_64-mavericks 2.2-0 OK
r-release-windows-ix86+x86_64 2.2-0 5.00 50.00 55.00 OK
r-oldrel-windows-ix86+x86_64 2.2-0 5.00 58.00 63.00 OK

Check Details

Version: 2.2-0
Check: R code for possible problems
Result: NOTE
    Response: no visible global function definition for ‘predict’
    Response: no visible global function definition for ‘residuals’
    Response: no visible global function definition for ‘qt’
    Response: no visible global function definition for ‘qnorm’
    Response: no visible global function definition for ‘formula’
    Terms: no visible global function definition for ‘coef’
    Terms: no visible global function definition for ‘residuals’
    Terms: no visible global function definition for ‘vcov’
    Terms: no visible global function definition for ‘qt’
    Terms: no visible global function definition for ‘qnorm’
    Terms: no visible global function definition for ‘formula’
    factorPlot: no visible global function definition for ‘axis’
    fillFrame: no visible binding for global variable ‘median’
    makeYName: no visible global function definition for ‘formula’
    pal: no visible global function definition for ‘hcl’
    plot.visreg.list: no visible global function definition for ‘par’
    plot.visreg.list: no visible global function definition for
     ‘dev.interactive’
    plot.visreg.list: no visible global function definition for
     ‘devAskNewPage’
    rightlegend: no visible global function definition for ‘par’
    rightlegend: no visible global function definition for ‘legend’
    se.mlm: no visible global function definition for ‘formula’
    se.mlm: no visible global function definition for ‘predict’
    setupCond: no visible global function definition for ‘quantile’
    setupD: no visible global function definition for ‘formula’
    setupD: no visible global function definition for ‘model.frame’
    setupD: no visible global function definition for ‘as.formula’
    setupF: no visible global function definition for ‘formula’
    setupF: no visible global function definition for ‘get_all_vars’
    setupF: no visible global function definition for ‘model.frame’
    setupV: no visible global function definition for ‘terms’
    setupV: no visible global function definition for ‘as.formula’
    setupV: no visible global function definition for ‘formula’
    setupV2: no visible global function definition for ‘coef’
    setupV2: no visible global function definition for ‘formula’
    setupV2: no visible global function definition for ‘model.frame’
    setupV2: no visible global function definition for ‘as.formula’
    setupV2: no visible global function definition for ‘predict’
    setupV2: no visible global function definition for ‘model.matrix’
    setupX: no visible global function definition for ‘formula’
    setupX: no visible global function definition for ‘coef’
    setupX: no visible global function definition for ‘model.frame’
    setupX: no visible global function definition for ‘as.formula’
    setupX: no visible global function definition for ‘predict’
    setupX: no visible global function definition for ‘model.matrix’
    toplegend: no visible global function definition for ‘par’
    toplegend: no visible global function definition for ‘legend’
    visreg: no visible global function definition for ‘binomial’
    visreg: no visible global function definition for ‘family’
    visreg: no visible global function definition for ‘update’
    visreg2d: no visible global function definition for ‘family’
    visreg2d: no visible global function definition for ‘update’
    visreg2d: no visible global function definition for ‘colorRampPalette’
    visregLatticePlot: no visible global function definition for ‘formula’
    visregLatticePlot: no visible global function definition for ‘dev.list’
    Undefined global functions or variables:
     as.formula axis binomial coef colorRampPalette dev.interactive
     dev.list devAskNewPage family formula get_all_vars hcl legend median
     model.frame model.matrix par predict qnorm qt quantile residuals
     terms update vcov
    Consider adding
     importFrom("grDevices", "colorRampPalette", "dev.interactive",
     "dev.list", "devAskNewPage", "hcl")
     importFrom("graphics", "axis", "legend", "par")
     importFrom("stats", "as.formula", "binomial", "coef", "family",
     "formula", "get_all_vars", "median", "model.frame",
     "model.matrix", "predict", "qnorm", "qt", "quantile",
     "residuals", "terms", "update", "vcov")
    to your NAMESPACE.
Flavors: r-devel-linux-x86_64-debian-clang, r-devel-linux-x86_64-debian-gcc, r-devel-linux-x86_64-fedora-clang, r-devel-linux-x86_64-fedora-gcc, r-devel-windows-ix86+x86_64